{"id":1164,"date":"2024-06-03T12:21:13","date_gmt":"2024-06-03T10:21:13","guid":{"rendered":"https:\/\/www.dometvie.fr\/franchise\/?page_id=1164"},"modified":"2024-09-26T14:50:15","modified_gmt":"2024-09-26T12:50:15","slug":"salon-de-la-franchise","status":"publish","type":"page","link":"https:\/\/www.dometvie.fr\/franchise\/salon-de-la-franchise\/","title":{"rendered":"Participer au salon de la franchise"},"content":{"rendered":"\n<p>Le prochain salon de la franchise Franchise Expo Paris aura lieu du 15 au 17 mars 2025, \u00e0 Paris Expo Porte de Versailles, pavillon 1. Au total, plus de 30 000 participants sont attendus pour cette nouvelle \u00e9dition. L\u2019occasion pour ces participants et pour les acteurs de plus de 90 secteurs de partager leur exp\u00e9rience, et d\u2019en apprendre plus sur le fonctionnement et les cl\u00e9s de la r\u00e9ussite d\u2019une franchise.\u00a0<\/p>\n\n\n\n<p>D\u00e9couvrez ce qui vous attend, quels sont les intervenants que vous pourrez rencontrer et quel peut \u00eatre l\u2019int\u00e9r\u00eat de participer au salon de la franchise \u00e0 venir.<\/p>\n\n\n\n<h2 class=\"wp-block-heading\">En quoi consiste le salon de la franchise ?<\/h2>\n\n\n\n<p>Le salon de la franchise est un \u00e9v\u00e9nement qui a lieu tous les ans \u00e0 Paris, et qui permet de r\u00e9unir des franchiseurs fran\u00e7ais et internationaux venus de tous les secteurs pour pr\u00e9senter leurs offres de franchise \u00e0 des entrepreneurs int\u00e9ress\u00e9s. Ces salons rassemblent de nombreuses marques et concepts de franchises, des plus connues aux derni\u00e8res nouveaut\u00e9s en mati\u00e8re de franchise.<\/p>\n\n\n\n<p class=\"has-white-color has-text-color has-background has-link-color wp-elements-5061d652c529cd9843dbca9ca4354e37\" style=\"background-color:#088b99\">Au-del\u00e0 de la rencontre de franchiseurs et de la d\u00e9couverte du fonctionnement de leur franchise, les participants peuvent aussi profiter de conf\u00e9rences et d\u2019interventions d\u2019experts de la profession, mais aussi participer \u00e0 des ateliers qui permettent d\u2019en apprendre davantage sur l\u2019univers de la franchise.<\/p>\n\n\n\n<p>En France, le salon Franchise Expo Paris est propos\u00e9 par la F\u00e9d\u00e9ration fran\u00e7aise de la franchise depuis 1981.<\/p>\n\n\n<div id=\"bandeau-block_c4e123346159c06c6b4cc80aab0a17ed\" class=\"block_bandeau \nrose\">\n            <div class=\"titre\">\n            <p><!-- wp:heading --><\/p>\n<h2 class=\"wp-block-heading\">Pourquoi participer au salon de la franchise ?<\/h2>\n<p><!-- \/wp:heading --> <!-- wp:paragraph --><\/p>\n<p>Le salon de la franchise aide chaque ann\u00e9e de nouvelles personnes int\u00e9ress\u00e9es \u00e0 se lancer dans l\u2019aventure de l\u2019entreprenariat en franchise, et cela quel que soit leur profil. C\u2019est un \u00e9v\u00e9nement incontournable pour s\u2019informer, cibler la franchise id\u00e9ale et b\u00e9n\u00e9ficier de conseils avis\u00e9s concernant l\u2019ouverture et la gestion d\u2019une franchise.<\/p>\n<p><!-- \/wp:paragraph --> <!-- wp:paragraph --><\/p>\n<p>L\u2019\u00e9v\u00e9nement s&rsquo;adresse \u00e0 tous, que vous soyez salari\u00e9, commer\u00e7ant, investisseur, candidat \u00e0 la franchise ou futur franchiseur \u00e0 la recherche d\u2019informations sur ce mod\u00e8le. Au-del\u00e0 de la d\u00e9couverte de nouvelles opportunit\u00e9s et de l\u2019acc\u00e8s \u00e0 des conf\u00e9rences et \u00e0 des ateliers uniques, ce salon vous permet de gagner du temps dans vos d\u00e9marches, en rassemblant de nombreuses franchises dont vous pourrez d\u00e9couvrir le concept en un seul et m\u00eame endroit. Le salon de la franchise est \u00e9galement un \u00e9v\u00e9nement pr\u00e9cieux pour d\u00e9velopper votre r\u00e9seau et rencontrer d&rsquo;autres entrepreneurs, franchis\u00e9s et professionnels du secteur qui vous int\u00e9resse.<\/p>\n<p><!-- \/wp:paragraph --><\/p>\n        <\/div>\n            <\/div>\n\n\n<h2 class=\"wp-block-heading\">Quels sont les intervenants pr\u00e9sents au salon et quels sont les types de conf\u00e9rences propos\u00e9s ?<\/h2>\n\n\n\n<p>Au salon de la franchise, vous pourrez retrouver plus de 500 enseignes fran\u00e7aises et internationales, qui proposent leurs services dans de nombreux secteurs, parmi les suivants :&nbsp;<\/p>\n\n\n\n<ul class=\"wp-block-list\">\n<li>Services aux particuliers,<\/li>\n\n\n\n<li>B\u00e2timent et habitat,<\/li>\n\n\n\n<li>Commerce alimentaire,<\/li>\n\n\n\n<li>D\u00e9coration et \u00e9quipement de la maison,<\/li>\n\n\n\n<li>H\u00f4tellerie et restauration,<\/li>\n\n\n\n<li>et bien d\u2019autres encore.<\/li>\n<\/ul>\n\n\n\n<p><\/p>\n\n\n\n<p class=\"has-background\" style=\"background-color:#fff3f9\">Le salon accueille \u00e9galement une centaine de partenaires de la cr\u00e9ation d\u2019entreprise, qu\u2019il s\u2019agisse d\u2019organismes d\u2019assurance ou de financement, de villes, ou encore de m\u00e9dias. Il vous sera possible d\u2019assister \u00e0 pr\u00e8s de 150 ateliers, conf\u00e9rences et pitchs. Des t\u00e9moignages de professionnels reconnus dans l\u2019univers de l&rsquo;entreprenariat, mais aussi des conf\u00e9rences d\u00e9di\u00e9es \u00e0 la cr\u00e9ation d\u2019entreprise. Un \u00e9v\u00e9nement riche, qui vous permettra d\u2019obtenir toutes les informations essentielles concernant la franchise, de son ouverture \u00e0 la gestion de votre entreprise !<\/p>\n\n\n\n<h2 class=\"wp-block-heading\">Comment tirer le meilleur parti de votre participation<\/h2>\n\n\n\n<p>Pour tirer le meilleur parti de votre participation au salon de la franchise \u00e0 venir, il est important de vous pr\u00e9parer \u00e0 l&rsquo;avance. Voici quelques conseils qui vous aideront \u00e0 profiter pleinement de cette opportunit\u00e9 d\u2019enrichir vos connaissances sur les franchises et leur fonctionnement :<\/p>\n\n\n\n<ul class=\"wp-block-list\">\n<li>Avant de vous rendre au salon, <strong>renseignez-vous<\/strong> sur les franchises qui seront pr\u00e9sentes et les conf\u00e9rences ou ateliers organis\u00e9s. Identifiez les franchises que vous souhaitez d\u00e9couvrir en priorit\u00e9 et r\u00e9fl\u00e9chissez aux questions que vous voulez poser aux franchiseurs.<\/li>\n\n\n\n<li><strong>Planifiez votre journ\u00e9e<\/strong> en fonction des conf\u00e9rences, des ateliers et des rencontres avec les franchiseurs que vous souhaitez d\u00e9couvrir.<\/li>\n\n\n\n<li>Pendant vos rencontres avec les intervenants, n\u2019h\u00e9sitez pas \u00e0 <strong>poser des questions<\/strong> pr\u00e9cises pour \u00e9valuer si la franchise pourrait correspondre \u00e0 vos objectifs et \u00e0 vos comp\u00e9tences.<\/li>\n\n\n\n<li>Profitez des <strong>opportunit\u00e9s de r\u00e9seautage<\/strong> pour rencontrer d&rsquo;autres participants et professionnels de l&rsquo;industrie.<\/li>\n\n\n\n<li>Profitez des informations et des contacts que vous avez obtenus pendant l&rsquo;\u00e9v\u00e9nement pour <strong>contacter les franchiseurs<\/strong> qui proposent un concept qui vous int\u00e9resse.<\/li>\n<\/ul>\n\n\n\n<h2 class=\"wp-block-heading\">Les temps forts de l\u2019\u00e9dition 2024 du salon de la franchise<\/h2>\n\n\n\n<p>En 2024, le salon de la franchise a accueilli plus de 32 000 participants et 600 exposants, des enseignes fran\u00e7aises et internationales r\u00e9parties dans 90 secteurs d\u2019activit\u00e9s, ainsi que diff\u00e9rents partenaires sp\u00e9cialistes de l\u2019accompagnement des entrepreneurs. Un programme de 180 conf\u00e9rences attendait les participants.<\/p>\n\n\n\n<p>Parmi les temps forts du salon, on retient l\u2019intervention de l\u2019influenceur et journaliste HugoD\u00e9crypte, qui propose depuis 2023 un service gratuit d\u00e9di\u00e9 \u00e0 l\u2019accompagnement des jeunes cr\u00e9ateurs de contenus. Mais aussi le retour d\u2019exp\u00e9rience de Raibed et Fatiha Tahri, fondateurs de Pap et Pille, r\u00e9compens\u00e9s par le concours d\u2019innovation de Franprix, ainsi qu\u2019un retour sur le parcours de Nina M\u00e9tayer, \u00e9lue meilleure p\u00e2tissi\u00e8re mondiale en 2023. Des conf\u00e9rences que vous pourrez retrouver sur le site du salon <a href=\"https:\/\/www.franchiseparis.com\/fr\/\" target=\"_blank\" rel=\"noreferrer noopener\">Franchise Expo Paris<\/a>.<\/p>\n\n\n\n<p>Au-del\u00e0 de ces prises de parole enrichissantes, les participants ont \u00e9galement pu profiter de conseils d\u2019experts sur des questions li\u00e9es au lancement d\u2019une franchise, notamment \u00e0 travers les conf\u00e9rences \u201cConvaincre son banquier en 3 \u00e9tapes\u201d ou encore \u201cL\u2019enseigne faite pour soi\u201d. Un programme de choix, qui a donn\u00e9 lieu \u00e0 des rencontres et \u00e9changes int\u00e9ressants et motivants.<\/p>\n\n\n\n<figure class=\"wp-block-embed is-type-rich is-provider-twitter wp-block-embed-twitter\"><div class=\"wp-block-embed__wrapper\">\n<blockquote class=\"twitter-tweet\" data-width=\"500\" data-dnt=\"true\"><p lang=\"fr\" dir=\"ltr\">\ud83d\udce3 actus franchise : Rejoignez l\u2019\u00e9quipe DOMetVIE \u00e0 <a href=\"https:\/\/twitter.com\/hashtag\/franchise?src=hash&amp;ref_src=twsrc%5Etfw\">#franchise<\/a> Expo Paris 2024 <a href=\"https:\/\/t.co\/1PqgAdIjh3\">https:\/\/t.co\/1PqgAdIjh3<\/a>  \ud83d\udc47 <a href=\"https:\/\/t.co\/oZBvWqtz8n\">pic.twitter.com\/oZBvWqtz8n<\/a><\/p>&mdash; Toute la Franchise (@Les_Franchises) <a href=\"https:\/\/twitter.com\/Les_Franchises\/status\/1768186951721734322?ref_src=twsrc%5Etfw\">March 14, 2024<\/a><\/blockquote><script async src=\"https:\/\/platform.twitter.com\/widgets.js\" charset=\"utf-8\"><\/script>\n<\/div><\/figure>\n\n\n\n<h2 class=\"wp-block-heading\">Retrouvez DOMetVIE au salon de la franchise<\/h2>\n\n\n\n<p>Chaque ann\u00e9e, DOMetVIE est heureux de participer au salon de la franchise. Vous pourrez \u00e9changer avec nos \u00e9quipes, qui prendront le temps de r\u00e9pondre \u00e0 vos questions concernant le lancement d\u2019une <a href=\"https:\/\/www.dometvie.fr\/franchise\/franchise-dometvie\/\">franchise DOMetVIE<\/a>. Un parcours de franchis\u00e9 d\u00e9taill\u00e9, \u00e0 travers lequel vous profiterez d\u2019une formation de qualit\u00e9 et d\u2019un accompagnement sur le long terme pour assurer la r\u00e9ussite de votre entreprise.\u00a0<\/p>\n\n\n\n<p>DOMetVIE \u00e9volue sur un secteur en pleine croissance et propose un service complet pour l\u2019aide \u00e0 l\u2019adaptation de l\u2019habitat des seniors et des personnes \u00e0 mobilit\u00e9 r\u00e9duite. Profitez du salon de la franchise pour d\u00e9couvrir ce concept riche et inspirant.<\/p>\n\n\n\n<div class=\"wp-block-buttons is-layout-flex wp-block-buttons-is-layout-flex\">\n<div class=\"wp-block-button aligncenter\"><a class=\"wp-block-button__link wp-element-button\" href=\"https:\/\/www.dometvie.fr\/franchise\/contact\/\">D\u00e9couvrez la franchise DOMetVIE<\/a><\/div>\n<\/div>\n\n\n\n<h3 class=\"wp-block-heading\">DOMetVIE en toute franchise<\/h3>\n\n\n\n<div class=\"wp-block-columns alignfull has-medium-font-size is-layout-flex wp-container-core-columns-is-layout-9d6595d7 wp-block-columns-is-layout-flex\">\n<div class=\"wp-block-column is-layout-flow wp-block-column-is-layout-flow\">\n<h4 class=\"wp-block-heading has-text-align-center\" style=\"font-size:24px;line-height:1.3\"><strong><a href=\"https:\/\/www.dometvie.fr\/franchise\/ouvrir-une-franchise\/\">Ouvrir une franchise \u2197<\/a><\/strong><\/h4>\n<\/div>\n\n\n\n<div class=\"wp-block-column is-layout-flow wp-block-column-is-layout-flow\">\n<h4 class=\"wp-block-heading has-text-align-center\" style=\"font-size:24px;line-height:1.3\"><strong><a href=\"https:\/\/www.dometvie.fr\/franchise\/franchises-les-plus-rentables\/\">Franchises les plus rentables \u2197<\/a><\/strong><\/h4>\n<\/div>\n\n\n\n<div class=\"wp-block-column is-layout-flow wp-block-column-is-layout-flow\">\n<h4 class=\"wp-block-heading has-text-align-center\" style=\"font-size:24px;line-height:1.3\"><strong><a href=\"https:\/\/www.dometvie.fr\/franchise\/magasin-en-franchise\/\">Magasin en franchise \u2197<\/a><\/strong><\/h4>\n<\/div>\n\n\n\n<div class=\"wp-block-column is-layout-flow wp-block-column-is-layout-flow\">\n<h4 class=\"wp-block-heading has-text-align-center\" style=\"font-size:24px;line-height:1.3\"><strong><a href=\"https:\/\/www.dometvie.fr\/franchise\/definition-franchise\/\">D\u00e9finition franchise \u2197<\/a><\/strong><\/h4>\n<\/div>\n<\/div>\n","protected":false},"excerpt":{"rendered":"<p>Le prochain salon de la franchise Franchise Expo Paris aura lieu du 15 au 17 mars 2025, \u00e0 Paris Expo Porte de Versailles, pavillon 1. Au total, plus de 30 [&hellip;]<\/p>\n","protected":false},"author":1,"featured_media":0,"parent":1178,"menu_order":0,"comment_status":"closed","ping_status":"closed","template":"","meta":{"footnotes":""},"class_list":["post-1164","page","type-page","status-publish","hentry"],"acf":[],"yoast_head":"<!-- This site is optimized with the Yoast SEO plugin v27.4 - https:\/\/yoast.com\/product\/yoast-seo-wordpress\/ -->\n<title>Participer au salon de la franchise - DOMetVIE<\/title>\n<meta name=\"robots\" content=\"index, follow, max-snippet:-1, max-image-preview:large, max-video-preview:-1\" \/>\n<link rel=\"canonical\" href=\"https:\/\/www.dometvie.fr\/franchise\/salon-de-la-franchise\/\" \/>\n<meta property=\"og:locale\" content=\"fr_FR\" \/>\n<meta property=\"og:type\" content=\"article\" \/>\n<meta property=\"og:title\" content=\"Participer au salon de la franchise - DOMetVIE\" \/>\n<meta property=\"og:description\" content=\"Le prochain salon de la franchise Franchise Expo Paris aura lieu du 15 au 17 mars 2025, \u00e0 Paris Expo Porte de Versailles, pavillon 1. Au total, plus de 30 [&hellip;]\" \/>\n<meta property=\"og:url\" content=\"https:\/\/www.dometvie.fr\/franchise\/salon-de-la-franchise\/\" \/>\n<meta property=\"og:site_name\" content=\"DOMetVIE\" \/>\n<meta property=\"article:modified_time\" content=\"2024-09-26T12:50:15+00:00\" \/>\n<meta name=\"twitter:card\" content=\"summary_large_image\" \/>\n<meta name=\"twitter:label1\" content=\"Dur\u00e9e de lecture estim\u00e9e\" \/>\n\t<meta name=\"twitter:data1\" content=\"5 minutes\" \/>\n<script type=\"application\/ld+json\" class=\"yoast-schema-graph\">{\"@context\":\"https:\\\/\\\/schema.org\",\"@graph\":[{\"@type\":\"WebPage\",\"@id\":\"https:\\\/\\\/www.dometvie.fr\\\/franchise\\\/salon-de-la-franchise\\\/\",\"url\":\"https:\\\/\\\/www.dometvie.fr\\\/franchise\\\/salon-de-la-franchise\\\/\",\"name\":\"Participer au salon de la franchise - DOMetVIE\",\"isPartOf\":{\"@id\":\"https:\\\/\\\/www.dometvie.fr\\\/franchise\\\/#website\"},\"datePublished\":\"2024-06-03T10:21:13+00:00\",\"dateModified\":\"2024-09-26T12:50:15+00:00\",\"breadcrumb\":{\"@id\":\"https:\\\/\\\/www.dometvie.fr\\\/franchise\\\/salon-de-la-franchise\\\/#breadcrumb\"},\"inLanguage\":\"fr-FR\",\"potentialAction\":[{\"@type\":\"ReadAction\",\"target\":[\"https:\\\/\\\/www.dometvie.fr\\\/franchise\\\/salon-de-la-franchise\\\/\"]}]},{\"@type\":\"BreadcrumbList\",\"@id\":\"https:\\\/\\\/www.dometvie.fr\\\/franchise\\\/salon-de-la-franchise\\\/#breadcrumb\",\"itemListElement\":[{\"@type\":\"ListItem\",\"position\":1,\"name\":\"Accueil\",\"item\":\"https:\\\/\\\/www.dometvie.fr\\\/franchise\\\/\"},{\"@type\":\"ListItem\",\"position\":2,\"name\":\"Franchise DOMetVIE : la franchise sp\u00e9cialiste de l\u2019adaptation du domicile\",\"item\":\"https:\\\/\\\/www.dometvie.fr\\\/franchise\\\/franchise-dometvie\\\/\"},{\"@type\":\"ListItem\",\"position\":3,\"name\":\"Participer au salon de la franchise\"}]},{\"@type\":\"WebSite\",\"@id\":\"https:\\\/\\\/www.dometvie.fr\\\/franchise\\\/#website\",\"url\":\"https:\\\/\\\/www.dometvie.fr\\\/franchise\\\/\",\"name\":\"DOMetVIE\",\"description\":\"Donnez du sens \u00e0 votre m\u00e9tier !\",\"potentialAction\":[{\"@type\":\"SearchAction\",\"target\":{\"@type\":\"EntryPoint\",\"urlTemplate\":\"https:\\\/\\\/www.dometvie.fr\\\/franchise\\\/?s={search_term_string}\"},\"query-input\":{\"@type\":\"PropertyValueSpecification\",\"valueRequired\":true,\"valueName\":\"search_term_string\"}}],\"inLanguage\":\"fr-FR\"}]}<\/script>\n<!-- \/ Yoast SEO plugin. -->","yoast_head_json":{"title":"Participer au salon de la franchise - DOMetVIE","robots":{"index":"index","follow":"follow","max-snippet":"max-snippet:-1","max-image-preview":"max-image-preview:large","max-video-preview":"max-video-preview:-1"},"canonical":"https:\/\/www.dometvie.fr\/franchise\/salon-de-la-franchise\/","og_locale":"fr_FR","og_type":"article","og_title":"Participer au salon de la franchise - DOMetVIE","og_description":"Le prochain salon de la franchise Franchise Expo Paris aura lieu du 15 au 17 mars 2025, \u00e0 Paris Expo Porte de Versailles, pavillon 1. Au total, plus de 30 [&hellip;]","og_url":"https:\/\/www.dometvie.fr\/franchise\/salon-de-la-franchise\/","og_site_name":"DOMetVIE","article_modified_time":"2024-09-26T12:50:15+00:00","twitter_card":"summary_large_image","twitter_misc":{"Dur\u00e9e de lecture estim\u00e9e":"5 minutes"},"schema":{"@context":"https:\/\/schema.org","@graph":[{"@type":"WebPage","@id":"https:\/\/www.dometvie.fr\/franchise\/salon-de-la-franchise\/","url":"https:\/\/www.dometvie.fr\/franchise\/salon-de-la-franchise\/","name":"Participer au salon de la franchise - DOMetVIE","isPartOf":{"@id":"https:\/\/www.dometvie.fr\/franchise\/#website"},"datePublished":"2024-06-03T10:21:13+00:00","dateModified":"2024-09-26T12:50:15+00:00","breadcrumb":{"@id":"https:\/\/www.dometvie.fr\/franchise\/salon-de-la-franchise\/#breadcrumb"},"inLanguage":"fr-FR","potentialAction":[{"@type":"ReadAction","target":["https:\/\/www.dometvie.fr\/franchise\/salon-de-la-franchise\/"]}]},{"@type":"BreadcrumbList","@id":"https:\/\/www.dometvie.fr\/franchise\/salon-de-la-franchise\/#breadcrumb","itemListElement":[{"@type":"ListItem","position":1,"name":"Accueil","item":"https:\/\/www.dometvie.fr\/franchise\/"},{"@type":"ListItem","position":2,"name":"Franchise DOMetVIE : la franchise sp\u00e9cialiste de l\u2019adaptation du domicile","item":"https:\/\/www.dometvie.fr\/franchise\/franchise-dometvie\/"},{"@type":"ListItem","position":3,"name":"Participer au salon de la franchise"}]},{"@type":"WebSite","@id":"https:\/\/www.dometvie.fr\/franchise\/#website","url":"https:\/\/www.dometvie.fr\/franchise\/","name":"DOMetVIE","description":"Donnez du sens \u00e0 votre m\u00e9tier !","potentialAction":[{"@type":"SearchAction","target":{"@type":"EntryPoint","urlTemplate":"https:\/\/www.dometvie.fr\/franchise\/?s={search_term_string}"},"query-input":{"@type":"PropertyValueSpecification","valueRequired":true,"valueName":"search_term_string"}}],"inLanguage":"fr-FR"}]}},"_links":{"self":[{"href":"https:\/\/www.dometvie.fr\/franchise\/wp-json\/wp\/v2\/pages\/1164","targetHints":{"allow":["GET"]}}],"collection":[{"href":"https:\/\/www.dometvie.fr\/franchise\/wp-json\/wp\/v2\/pages"}],"about":[{"href":"https:\/\/www.dometvie.fr\/franchise\/wp-json\/wp\/v2\/types\/page"}],"author":[{"embeddable":true,"href":"https:\/\/www.dometvie.fr\/franchise\/wp-json\/wp\/v2\/users\/1"}],"replies":[{"embeddable":true,"href":"https:\/\/www.dometvie.fr\/franchise\/wp-json\/wp\/v2\/comments?post=1164"}],"version-history":[{"count":28,"href":"https:\/\/www.dometvie.fr\/franchise\/wp-json\/wp\/v2\/pages\/1164\/revisions"}],"predecessor-version":[{"id":1509,"href":"https:\/\/www.dometvie.fr\/franchise\/wp-json\/wp\/v2\/pages\/1164\/revisions\/1509"}],"up":[{"embeddable":true,"href":"https:\/\/www.dometvie.fr\/franchise\/wp-json\/wp\/v2\/pages\/1178"}],"wp:attachment":[{"href":"https:\/\/www.dometvie.fr\/franchise\/wp-json\/wp\/v2\/media?parent=1164"}],"curies":[{"name":"wp","href":"https:\/\/api.w.org\/{rel}","templated":true}]}}