{"id":1193,"date":"2024-06-03T15:24:10","date_gmt":"2024-06-03T13:24:10","guid":{"rendered":"https:\/\/www.dometvie.fr\/franchise\/?page_id=1193"},"modified":"2024-09-02T14:34:28","modified_gmt":"2024-09-02T12:34:28","slug":"ouvrir-une-franchise","status":"publish","type":"page","link":"https:\/\/www.dometvie.fr\/franchise\/ouvrir-une-franchise\/","title":{"rendered":"Devenir franchis\u00e9 : comment ouvrir une franchise en 2024"},"content":{"rendered":"\n<p>Vous aimeriez devenir franchis\u00e9 ? Ouvrir une franchise peut s\u2019av\u00e9rer \u00eatre une option int\u00e9ressante pour ceux qui souhaitent exp\u00e9rimenter le monde de l\u2019entreprenariat tout en b\u00e9n\u00e9ficiant de la notori\u00e9t\u00e9 et de l\u2019exp\u00e9rience d&rsquo;une marque \u00e9tablie. Les franchises proposent des avantages significatifs, et permettent de r\u00e9duire les risques associ\u00e9s au d\u00e9veloppement d\u2019une entreprise. D\u00e9couvrez ce qu\u2019il faut savoir au sujet de <a href=\"https:\/\/www.dometvie.fr\/franchise\/franchise-dometvie\/\">la franchise<\/a>, comment faire votre choix et comment ouvrir une franchise en 2024.<\/p>\n\n\n\n<div class=\"wp-block-group has-background\" style=\"background-color:#fff3f9\"><div class=\"wp-block-group__inner-container is-layout-constrained wp-block-group-is-layout-constrained\">\n<h2 class=\"wp-block-heading has-text-align-center has-black-color has-text-color has-background has-link-color wp-elements-393573f5c118a586a651d798eb9c2bf6\" style=\"background-color:#fff3f9\">Quel est le fonctionnement d\u2019une franchise ?<\/h2>\n\n\n<div class=\"wp-block-image imghaut\">\n<figure class=\"aligncenter size-full is-resized\"><img decoding=\"async\" src=\"https:\/\/www.dometvie.fr\/franchise\/wp-content\/uploads\/2024\/05\/temoigne.svg\" alt=\"\" class=\"wp-image-1155\" style=\"width:100px\"\/><\/figure>\n<\/div>\n\n\n<p class=\"has-text-align-center has-black-color has-text-color has-background has-link-color wp-elements-9cae9a06f5840289b4cd380c96921597\" style=\"background-color:#fff3f9\">Avant de se lancer dans l\u2019aventure de la franchise, il est important de comprendre de quoi il s\u2019agit. La franchise est un mod\u00e8le d&rsquo;entreprise qui implique un propri\u00e9taire d&rsquo;entreprise (le franchiseur) qui accorde \u00e0 un autre entrepreneur (le franchis\u00e9) le droit d&rsquo;exploiter une entreprise sous sa marque et selon ses normes. Le franchis\u00e9 doit s&rsquo;acquitter de frais initiaux et de redevances continues vers\u00e9es en \u00e9change de l&rsquo;acc\u00e8s \u00e0 la marque, au mod\u00e8le d&rsquo;entreprise, \u00e0 la formation et \u00e0 l\u2019accompagnement mis en place par le franchiseur.<br><\/p>\n<\/div><\/div>\n\n\n\n<h2 class=\"wp-block-heading\">Quels sont les avantages associ\u00e9s au choix de devenir franchis\u00e9 ?<\/h2>\n\n\n\n<p>Le syst\u00e8me de franchise dispose de nombreux avantages, raison pour laquelle il s\u2019agit d\u2019un mod\u00e8le de choix pour de nombreux entrepreneurs. Voici ses principaux <a href=\"https:\/\/www.dometvie.fr\/franchise\/franchise-avantages\/\">avantages de la franchise<\/a> :<\/p>\n\n\n\n<ul class=\"wp-block-list\">\n<li><strong>B\u00e9n\u00e9ficier de la r\u00e9putation d\u2019une marque reconnue :<\/strong> Rejoindre ou <a href=\"https:\/\/www.dometvie.fr\/franchise\/reprendre-une-franchise\/\">reprendre une franchise<\/a> permet de b\u00e9n\u00e9ficier de la r\u00e9putation d\u2019une marque d\u00e9j\u00e0 \u00e9tablie. Un avantage majeur, qui aide \u00e0 attirer rapidement des clients et \u00e0 g\u00e9n\u00e9rer des revenus.<\/li>\n\n\n\n<li><strong>Un accompagnement continu :<\/strong> De mani\u00e8re g\u00e9n\u00e9rale, les franchis\u00e9s disposent d\u2019un accompagnement continu propos\u00e9 par le franchiseur, qui comprend une formation initiale, une assistance op\u00e9rationnelle, un service marketing, le partage de conseils commerciaux et l\u2019invitation \u00e0 des \u00e9v\u00e9nements r\u00e9guliers.<\/li>\n\n\n\n<li><strong>Profiter d\u2019un mod\u00e8le d&rsquo;entreprise \u00e9prouv\u00e9 :<\/strong> Les processus op\u00e9rationnels, les strat\u00e9gies de marketing et les protocoles de service sont souvent standardis\u00e9s, ce qui permet de r\u00e9duire les risques d\u2019erreur.<\/li>\n\n\n\n<li><strong>Acc\u00e8s privil\u00e9gi\u00e9 aux services et produits de fournisseurs et de partenaires :<\/strong> Les franchis\u00e9s profitent des accords obtenus par le franchiseur aupr\u00e8s de fournisseurs et de partenaires commerciaux. Ils peuvent ainsi acc\u00e9der \u00e0 des produits ou \u00e0 des services de qualit\u00e9 \u00e0 des tarifs pr\u00e9f\u00e9rentiels.<\/li>\n\n\n\n<li><strong>Rejoindre une communaut\u00e9 de franchis\u00e9s :<\/strong> C\u2019est une mani\u00e8re de partager id\u00e9es, exp\u00e9riences et conseils au sein d\u2019une communaut\u00e9 de franchis\u00e9s soud\u00e9e, orient\u00e9e vers le m\u00eame objectif.<\/li>\n<\/ul>\n\n\n\n<h2 class=\"wp-block-heading\">Les d\u00e9fis d\u2019une aventure riche en opportunit\u00e9s<\/h2>\n\n\n\n<p>Malgr\u00e9 ses nombreux avantages, il est important de prendre connaissance des d\u00e9fis associ\u00e9s \u00e0 l\u2019ouverture d\u2019une franchise. Comme pour tout projet entrepreneurial, c\u2019est une aventure qui n\u00e9cessite une pr\u00e9paration minutieuse, en tenant compte de ces \u00e9l\u00e9ments :<\/p>\n\n\n\n<ul class=\"wp-block-list\">\n<li><strong>Analysez les co\u00fbts initiaux et les redevances : <\/strong>Certaines franchises peuvent impliquer des frais initiaux \u00e9lev\u00e9s. En tant que franchis\u00e9, vous serez \u00e9galement amen\u00e9 \u00e0 r\u00e9gler des redevances g\u00e9n\u00e9ralement calcul\u00e9es sur le chiffre d\u2019affaires de votre entreprise. Il est important de comprendre ces co\u00fbts avant de s&rsquo;engager.<\/li>\n\n\n\n<li><strong>Comprenez les limites de votre contr\u00f4le :<\/strong> Le franchis\u00e9 est amen\u00e9 \u00e0 respecter les r\u00e8gles et les normes \u00e9tablies par le franchiseur, ce qui peut limiter votre libert\u00e9 de d\u00e9cision.<\/li>\n\n\n\n<li><strong>Vous d\u00e9pendez de la r\u00e9ussite de la marque :<\/strong> Votre succ\u00e8s d\u00e9pend en grande partie de la r\u00e9putation de la marque. Si la marque rencontre des difficult\u00e9s, l\u2019impact peut \u00eatre direct pour votre entreprise. D\u2019o\u00f9 l\u2019importance de choisir une franchise qui dispose d\u2019une r\u00e9putation solide et qui \u00e9volue dans un secteur porteur.<\/li>\n\n\n\n<li><strong>\u00c9tudiez la concurrence entre les franchis\u00e9s :<\/strong> Les franchis\u00e9s locaux d\u00e9j\u00e0 pr\u00e9sents sur le secteur peuvent affecter vos ventes et vos profits.<\/li>\n<\/ul>\n\n\n\n<h2 class=\"wp-block-heading\">Comment choisir sa franchise<\/h2>\n\n\n\n<p>Choisir la bonne franchise est une \u00e9tape d\u00e9cisive, qui aura un impact important sur la r\u00e9ussite de votre entreprise. Votre choix se d\u00e9roule en diff\u00e9rentes \u00e9tapes :&nbsp;<\/p>\n\n\n\n<ol class=\"wp-block-list\">\n<li><strong>Recherchez des franchises en fonction de l\u2019activit\u00e9 que vous souhaitez exercer :<\/strong> Centrez vos recherches sur des franchises qui correspondent au secteur dans lequel vous souhaitez exercer. N\u2019oubliez pas de prendre en compte les tendances du march\u00e9 et de la demande locale avant d\u2019<a href=\"https:\/\/www.dometvie.fr\/franchise\/acheter-une-franchise\/\">acheter une franchise<\/a>.<\/li>\n\n\n\n<li><strong>\u00c9valuez la solidit\u00e9 de la franchise :<\/strong> Comparez les franchises qui pourraient vous int\u00e9resser en portant attention \u00e0 leur histoire, \u00e0 leur r\u00e9putation, \u00e0 leur r\u00e9ussite, \u00e0 leur mod\u00e8le d\u2019entreprise et \u00e0 l\u2019accompagnement propos\u00e9 aux franchis\u00e9s.<\/li>\n\n\n\n<li><strong>Examinez les conditions demand\u00e9es par le franchiseur :<\/strong> Pour choisir une franchise, examinez attentivement les co\u00fbts initiaux et les redevances demand\u00e9es par le franchiseur. Si votre objectif est d\u2019<a href=\"https:\/\/www.dometvie.fr\/franchise\/ouvrir-une-franchise-sans-apport\/\">ouvrir une franchise sans apport<\/a>, vous devrez aussi \u00e9tudier ce point. Vous devrez \u00e9galement vous renseigner concernant les exigences du franchiseur, notamment concernant l\u2019apport ou la localisation de l\u2019entreprise.<\/li>\n\n\n\n<li><strong>\u00c9tudiez les retours d&rsquo;autres franchis\u00e9s :<\/strong> \u00c9changez au maximum avec d&rsquo;autres franchis\u00e9s de la marque afin de vous faire un avis global sur la qualit\u00e9 de l\u2019exp\u00e9rience propos\u00e9e par le franchiseur.<\/li>\n<\/ol>\n\n\n\n<h2 class=\"wp-block-heading\">Ouvrir une franchise : les principales \u00e9tapes<\/h2>\n\n\n\n<p>Il faut savoir que l\u2019<a href=\"https:\/\/www.dometvie.fr\/franchise\/comment-ouvrir-une-franchise\/\">ouverture d\u2019une franchise<\/a> dure en moyenne entre 6 et 12 mois. Il est n\u00e9cessaire de prendre le temps de la r\u00e9flexion, notamment en ce qui concerne le choix de la franchise, l\u2019\u00e9valuation des conditions, mais aussi pour r\u00e9aliser un pr\u00e9visionnel financier qui vous pr\u00e9pare \u00e0 toute \u00e9ventualit\u00e9.<\/p>\n\n\n\n<ol class=\"wp-block-list\">\n<li><strong>Choisir la bonne franchise :<\/strong> En suivant nos conseils, s\u00e9lectionnez une franchise qui correspond \u00e0 vos int\u00e9r\u00eats, \u00e0 vos comp\u00e9tences et \u00e0 vos objectifs financiers.<\/li>\n\n\n\n<li><strong>R\u00e9aliser le pr\u00e9visionnel financier :<\/strong> Pr\u00e9parez un business plan qui comprend une pr\u00e9sentation de votre projet, une \u00e9valuation de vos pr\u00e9visions financi\u00e8res et une estimation des ressources humaines n\u00e9cessaires.&nbsp;<\/li>\n\n\n\n<li><strong>Financer votre projet :<\/strong> Recherchez les sources de financement qui vous conviennent, qu\u2019il s\u2019agisse de pr\u00eats, de l\u2019aide d\u2019investisseurs qui souhaitent <a href=\"https:\/\/www.dometvie.fr\/franchise\/investir-dans-une-franchise\/\">investir dans une franchise<\/a> ou de vos \u00e9conomies personnelles.<\/li>\n\n\n\n<li><strong>Choisir votre statut juridique :<\/strong> Il existe de nombreux statuts, parmi lesquels vous devrez choisir le plus adapt\u00e9 \u00e0 votre activit\u00e9. Si vous \u00eates seul, la SASU ou l\u2019EURL pourraient vous convenir. Pour un projet \u00e0 plusieurs, la SAS ou la SARL pourraient vous \u00eatre conseill\u00e9es.<\/li>\n\n\n\n<li><strong>Signer le contrat de franchise :<\/strong> Prenez le temps de lire attentivement le contrat de franchise et assurez-vous qu\u2019il comporte les mentions obligatoires qui lui sont propres, comme la dur\u00e9e du contrat.<\/li>\n\n\n\n<li><strong>Participer \u00e0 la formation initiale :<\/strong> Il vous reste maintenant \u00e0 participer \u00e0 la formation initiale propos\u00e9e par le franchiseur.<\/li>\n\n\n\n<li><strong>Lancement de l&rsquo;entreprise :<\/strong> Une fois que vous \u00eates pr\u00eat et que vous avez obtenu les autorisations n\u00e9cessaires, vous pouvez lancer votre entreprise en respectant les directives du franchiseur.<\/li>\n<\/ol>\n\n\n\n<h2 class=\"wp-block-heading\">Focus sur la franchise DOMetVIE<\/h2>\n\n\n\n<p>Dans le cadre de votre recherche de la meilleure franchise, nous vous conseillons d\u2019\u00e9tudier la franchise DOMetVIE. Sp\u00e9cialiste de l\u2019adaptation du logement aux besoins des seniors et des personnes \u00e0 mobilit\u00e9 r\u00e9duite, DOMetVIE compte plus de 50 franchis\u00e9s r\u00e9partis dans toute la Franche. La franchise \u00e9volue dans un secteur \u00e0 fort potentiel de croissance, qui repr\u00e9sente aujourd\u2019hui 130 milliards d\u2019euros.&nbsp;<\/p>\n\n\n\n<p class=\"has-white-color has-text-color has-background has-link-color wp-elements-bfaf8fec3d331185cd533efa2a3f546f\" style=\"background-color:#e6007e\">Avec DOMetVIE, vous b\u00e9n\u00e9ficiez d\u2019un accompagnement complet \u00e0 toutes les \u00e9tapes de l\u2019ouverture et de la gestion de votre franchise, pour un investissement global estim\u00e9 entre 80 000 et 150 000 \u20ac.<\/p>\n\n\n\n<div class=\"wp-block-buttons is-content-justification-center is-layout-flex wp-container-core-buttons-is-layout-5590e8cb wp-block-buttons-is-layout-flex\">\n<div class=\"wp-block-button\"><a class=\"wp-block-button__link has-text-align-center wp-element-button\" href=\"https:\/\/www.dometvie.fr\/franchise\/contact\/\">Contactez-nous pour en savoir plus sur la franchise DOMetVIE !<\/a><\/div>\n<\/div>\n\n\n\n<h3 class=\"wp-block-heading\">DOMetVIE en toute franchise<\/h3>\n\n\n\n<div class=\"wp-block-columns alignfull has-medium-font-size is-layout-flex wp-container-core-columns-is-layout-9d6595d7 wp-block-columns-is-layout-flex\">\n<div class=\"wp-block-column is-layout-flow wp-block-column-is-layout-flow\">\n<h4 class=\"wp-block-heading has-text-align-center\" style=\"font-size:24px;line-height:1.3\"><strong><a href=\"https:\/\/www.dometvie.fr\/franchise\/franchises-les-plus-rentables\/\">Franchises les plus rentables \u2197<\/a><\/strong><\/h4>\n<\/div>\n\n\n\n<div class=\"wp-block-column is-layout-flow wp-block-column-is-layout-flow\">\n<h4 class=\"wp-block-heading has-text-align-center\" style=\"font-size:24px;line-height:1.3\"><strong><a href=\"https:\/\/www.dometvie.fr\/franchise\/salon-de-la-franchise\/\">Salon de la franchise \u2197<\/a><\/strong><\/h4>\n<\/div>\n\n\n\n<div class=\"wp-block-column is-layout-flow wp-block-column-is-layout-flow\">\n<h4 class=\"wp-block-heading has-text-align-center\" style=\"font-size:24px;line-height:1.3\"><strong><a href=\"https:\/\/www.dometvie.fr\/franchise\/definition-franchise\/\">D\u00e9finition franchise \u2197<\/a><\/strong><\/h4>\n<\/div>\n\n\n\n<div class=\"wp-block-column is-layout-flow wp-block-column-is-layout-flow\">\n<h4 class=\"wp-block-heading has-text-align-center\" style=\"font-size:24px;line-height:1.3\"><strong><a href=\"https:\/\/www.dometvie.fr\/franchise\/magasin-en-franchise\/\">Magasin en franchise \u2197<\/a><\/strong><\/h4>\n<\/div>\n<\/div>\n","protected":false},"excerpt":{"rendered":"<p>Vous aimeriez devenir franchis\u00e9 ? Ouvrir une franchise peut s\u2019av\u00e9rer \u00eatre une option int\u00e9ressante pour ceux qui souhaitent exp\u00e9rimenter le monde de l\u2019entreprenariat tout en b\u00e9n\u00e9ficiant de la notori\u00e9t\u00e9 et [&hellip;]<\/p>\n","protected":false},"author":1,"featured_media":0,"parent":1178,"menu_order":0,"comment_status":"closed","ping_status":"closed","template":"","meta":{"footnotes":""},"class_list":["post-1193","page","type-page","status-publish","hentry"],"acf":[],"yoast_head":"<!-- This site is optimized with the Yoast SEO plugin v27.4 - https:\/\/yoast.com\/product\/yoast-seo-wordpress\/ -->\n<title>Devenir franchis\u00e9 : comment ouvrir une franchise en 2024 - DOMetVIE<\/title>\n<meta name=\"robots\" content=\"index, follow, max-snippet:-1, max-image-preview:large, max-video-preview:-1\" \/>\n<link rel=\"canonical\" href=\"https:\/\/www.dometvie.fr\/franchise\/ouvrir-une-franchise\/\" \/>\n<meta property=\"og:locale\" content=\"fr_FR\" \/>\n<meta property=\"og:type\" content=\"article\" \/>\n<meta property=\"og:title\" content=\"Devenir franchis\u00e9 : comment ouvrir une franchise en 2024 - DOMetVIE\" \/>\n<meta property=\"og:description\" content=\"Vous aimeriez devenir franchis\u00e9 ? Ouvrir une franchise peut s\u2019av\u00e9rer \u00eatre une option int\u00e9ressante pour ceux qui souhaitent exp\u00e9rimenter le monde de l\u2019entreprenariat tout en b\u00e9n\u00e9ficiant de la notori\u00e9t\u00e9 et [&hellip;]\" \/>\n<meta property=\"og:url\" content=\"https:\/\/www.dometvie.fr\/franchise\/ouvrir-une-franchise\/\" \/>\n<meta property=\"og:site_name\" content=\"DOMetVIE\" \/>\n<meta property=\"article:modified_time\" content=\"2024-09-02T12:34:28+00:00\" \/>\n<meta property=\"og:image\" content=\"https:\/\/www.dometvie.fr\/franchise\/wp-content\/uploads\/2024\/05\/temoigne.svg\" \/>\n<meta name=\"twitter:card\" content=\"summary_large_image\" \/>\n<meta name=\"twitter:label1\" content=\"Dur\u00e9e de lecture estim\u00e9e\" \/>\n\t<meta name=\"twitter:data1\" content=\"7 minutes\" \/>\n<script type=\"application\/ld+json\" class=\"yoast-schema-graph\">{\"@context\":\"https:\\\/\\\/schema.org\",\"@graph\":[{\"@type\":\"WebPage\",\"@id\":\"https:\\\/\\\/www.dometvie.fr\\\/franchise\\\/ouvrir-une-franchise\\\/\",\"url\":\"https:\\\/\\\/www.dometvie.fr\\\/franchise\\\/ouvrir-une-franchise\\\/\",\"name\":\"Devenir franchis\u00e9 : comment ouvrir une franchise en 2024 - DOMetVIE\",\"isPartOf\":{\"@id\":\"https:\\\/\\\/www.dometvie.fr\\\/franchise\\\/#website\"},\"primaryImageOfPage\":{\"@id\":\"https:\\\/\\\/www.dometvie.fr\\\/franchise\\\/ouvrir-une-franchise\\\/#primaryimage\"},\"image\":{\"@id\":\"https:\\\/\\\/www.dometvie.fr\\\/franchise\\\/ouvrir-une-franchise\\\/#primaryimage\"},\"thumbnailUrl\":\"https:\\\/\\\/www.dometvie.fr\\\/franchise\\\/wp-content\\\/uploads\\\/2024\\\/05\\\/temoigne.svg\",\"datePublished\":\"2024-06-03T13:24:10+00:00\",\"dateModified\":\"2024-09-02T12:34:28+00:00\",\"breadcrumb\":{\"@id\":\"https:\\\/\\\/www.dometvie.fr\\\/franchise\\\/ouvrir-une-franchise\\\/#breadcrumb\"},\"inLanguage\":\"fr-FR\",\"potentialAction\":[{\"@type\":\"ReadAction\",\"target\":[\"https:\\\/\\\/www.dometvie.fr\\\/franchise\\\/ouvrir-une-franchise\\\/\"]}]},{\"@type\":\"ImageObject\",\"inLanguage\":\"fr-FR\",\"@id\":\"https:\\\/\\\/www.dometvie.fr\\\/franchise\\\/ouvrir-une-franchise\\\/#primaryimage\",\"url\":\"https:\\\/\\\/www.dometvie.fr\\\/franchise\\\/wp-content\\\/uploads\\\/2024\\\/05\\\/temoigne.svg\",\"contentUrl\":\"https:\\\/\\\/www.dometvie.fr\\\/franchise\\\/wp-content\\\/uploads\\\/2024\\\/05\\\/temoigne.svg\"},{\"@type\":\"BreadcrumbList\",\"@id\":\"https:\\\/\\\/www.dometvie.fr\\\/franchise\\\/ouvrir-une-franchise\\\/#breadcrumb\",\"itemListElement\":[{\"@type\":\"ListItem\",\"position\":1,\"name\":\"Accueil\",\"item\":\"https:\\\/\\\/www.dometvie.fr\\\/franchise\\\/\"},{\"@type\":\"ListItem\",\"position\":2,\"name\":\"Franchise DOMetVIE : la franchise sp\u00e9cialiste de l\u2019adaptation du domicile\",\"item\":\"https:\\\/\\\/www.dometvie.fr\\\/franchise\\\/franchise-dometvie\\\/\"},{\"@type\":\"ListItem\",\"position\":3,\"name\":\"Devenir franchis\u00e9 : comment ouvrir une franchise en 2024\"}]},{\"@type\":\"WebSite\",\"@id\":\"https:\\\/\\\/www.dometvie.fr\\\/franchise\\\/#website\",\"url\":\"https:\\\/\\\/www.dometvie.fr\\\/franchise\\\/\",\"name\":\"DOMetVIE\",\"description\":\"Donnez du sens \u00e0 votre m\u00e9tier !\",\"potentialAction\":[{\"@type\":\"SearchAction\",\"target\":{\"@type\":\"EntryPoint\",\"urlTemplate\":\"https:\\\/\\\/www.dometvie.fr\\\/franchise\\\/?s={search_term_string}\"},\"query-input\":{\"@type\":\"PropertyValueSpecification\",\"valueRequired\":true,\"valueName\":\"search_term_string\"}}],\"inLanguage\":\"fr-FR\"}]}<\/script>\n<!-- \/ Yoast SEO plugin. -->","yoast_head_json":{"title":"Devenir franchis\u00e9 : comment ouvrir une franchise en 2024 - DOMetVIE","robots":{"index":"index","follow":"follow","max-snippet":"max-snippet:-1","max-image-preview":"max-image-preview:large","max-video-preview":"max-video-preview:-1"},"canonical":"https:\/\/www.dometvie.fr\/franchise\/ouvrir-une-franchise\/","og_locale":"fr_FR","og_type":"article","og_title":"Devenir franchis\u00e9 : comment ouvrir une franchise en 2024 - DOMetVIE","og_description":"Vous aimeriez devenir franchis\u00e9 ? Ouvrir une franchise peut s\u2019av\u00e9rer \u00eatre une option int\u00e9ressante pour ceux qui souhaitent exp\u00e9rimenter le monde de l\u2019entreprenariat tout en b\u00e9n\u00e9ficiant de la notori\u00e9t\u00e9 et [&hellip;]","og_url":"https:\/\/www.dometvie.fr\/franchise\/ouvrir-une-franchise\/","og_site_name":"DOMetVIE","article_modified_time":"2024-09-02T12:34:28+00:00","og_image":[{"url":"https:\/\/www.dometvie.fr\/franchise\/wp-content\/uploads\/2024\/05\/temoigne.svg","type":"","width":"","height":""}],"twitter_card":"summary_large_image","twitter_misc":{"Dur\u00e9e de lecture estim\u00e9e":"7 minutes"},"schema":{"@context":"https:\/\/schema.org","@graph":[{"@type":"WebPage","@id":"https:\/\/www.dometvie.fr\/franchise\/ouvrir-une-franchise\/","url":"https:\/\/www.dometvie.fr\/franchise\/ouvrir-une-franchise\/","name":"Devenir franchis\u00e9 : comment ouvrir une franchise en 2024 - DOMetVIE","isPartOf":{"@id":"https:\/\/www.dometvie.fr\/franchise\/#website"},"primaryImageOfPage":{"@id":"https:\/\/www.dometvie.fr\/franchise\/ouvrir-une-franchise\/#primaryimage"},"image":{"@id":"https:\/\/www.dometvie.fr\/franchise\/ouvrir-une-franchise\/#primaryimage"},"thumbnailUrl":"https:\/\/www.dometvie.fr\/franchise\/wp-content\/uploads\/2024\/05\/temoigne.svg","datePublished":"2024-06-03T13:24:10+00:00","dateModified":"2024-09-02T12:34:28+00:00","breadcrumb":{"@id":"https:\/\/www.dometvie.fr\/franchise\/ouvrir-une-franchise\/#breadcrumb"},"inLanguage":"fr-FR","potentialAction":[{"@type":"ReadAction","target":["https:\/\/www.dometvie.fr\/franchise\/ouvrir-une-franchise\/"]}]},{"@type":"ImageObject","inLanguage":"fr-FR","@id":"https:\/\/www.dometvie.fr\/franchise\/ouvrir-une-franchise\/#primaryimage","url":"https:\/\/www.dometvie.fr\/franchise\/wp-content\/uploads\/2024\/05\/temoigne.svg","contentUrl":"https:\/\/www.dometvie.fr\/franchise\/wp-content\/uploads\/2024\/05\/temoigne.svg"},{"@type":"BreadcrumbList","@id":"https:\/\/www.dometvie.fr\/franchise\/ouvrir-une-franchise\/#breadcrumb","itemListElement":[{"@type":"ListItem","position":1,"name":"Accueil","item":"https:\/\/www.dometvie.fr\/franchise\/"},{"@type":"ListItem","position":2,"name":"Franchise DOMetVIE : la franchise sp\u00e9cialiste de l\u2019adaptation du domicile","item":"https:\/\/www.dometvie.fr\/franchise\/franchise-dometvie\/"},{"@type":"ListItem","position":3,"name":"Devenir franchis\u00e9 : comment ouvrir une franchise en 2024"}]},{"@type":"WebSite","@id":"https:\/\/www.dometvie.fr\/franchise\/#website","url":"https:\/\/www.dometvie.fr\/franchise\/","name":"DOMetVIE","description":"Donnez du sens \u00e0 votre m\u00e9tier !","potentialAction":[{"@type":"SearchAction","target":{"@type":"EntryPoint","urlTemplate":"https:\/\/www.dometvie.fr\/franchise\/?s={search_term_string}"},"query-input":{"@type":"PropertyValueSpecification","valueRequired":true,"valueName":"search_term_string"}}],"inLanguage":"fr-FR"}]}},"_links":{"self":[{"href":"https:\/\/www.dometvie.fr\/franchise\/wp-json\/wp\/v2\/pages\/1193","targetHints":{"allow":["GET"]}}],"collection":[{"href":"https:\/\/www.dometvie.fr\/franchise\/wp-json\/wp\/v2\/pages"}],"about":[{"href":"https:\/\/www.dometvie.fr\/franchise\/wp-json\/wp\/v2\/types\/page"}],"author":[{"embeddable":true,"href":"https:\/\/www.dometvie.fr\/franchise\/wp-json\/wp\/v2\/users\/1"}],"replies":[{"embeddable":true,"href":"https:\/\/www.dometvie.fr\/franchise\/wp-json\/wp\/v2\/comments?post=1193"}],"version-history":[{"count":7,"href":"https:\/\/www.dometvie.fr\/franchise\/wp-json\/wp\/v2\/pages\/1193\/revisions"}],"predecessor-version":[{"id":1497,"href":"https:\/\/www.dometvie.fr\/franchise\/wp-json\/wp\/v2\/pages\/1193\/revisions\/1497"}],"up":[{"embeddable":true,"href":"https:\/\/www.dometvie.fr\/franchise\/wp-json\/wp\/v2\/pages\/1178"}],"wp:attachment":[{"href":"https:\/\/www.dometvie.fr\/franchise\/wp-json\/wp\/v2\/media?parent=1193"}],"curies":[{"name":"wp","href":"https:\/\/api.w.org\/{rel}","templated":true}]}}