{"id":1195,"date":"2024-06-03T15:24:35","date_gmt":"2024-06-03T13:24:35","guid":{"rendered":"https:\/\/www.dometvie.fr\/franchise\/?page_id=1195"},"modified":"2024-06-06T11:34:42","modified_gmt":"2024-06-06T09:34:42","slug":"franchises-les-plus-rentables","status":"publish","type":"page","link":"https:\/\/www.dometvie.fr\/franchise\/franchises-les-plus-rentables\/","title":{"rendered":"Franchises les plus rentables : secteurs et \u00e9l\u00e9ments d\u00e9terminants pour la rentabilit\u00e9 d\u2019une franchise"},"content":{"rendered":"\n<p>Les franchises sont un moyen int\u00e9ressant de d\u00e9velopper son entreprise en profitant d\u2019un mod\u00e8le qui existe d\u00e9j\u00e0 et qui a fait ses preuves. Pour les entrepreneurs, l&rsquo;un des aspects les plus int\u00e9ressants de l\u2019ouverture d&rsquo;une franchise est la possibilit\u00e9 d&rsquo;acc\u00e9der \u00e0 un mod\u00e8le \u00e9conomique \u00e9prouv\u00e9, de b\u00e9n\u00e9ficier d&rsquo;une formation et d&rsquo;un soutien continu, et de capitaliser sur la notori\u00e9t\u00e9 de la marque. Pour cela cependant, il est important de <a href=\"https:\/\/www.dometvie.fr\/franchise\/franchise-dometvie\/\">choisir une franchise r\u00e9put\u00e9e<\/a>, pour une entreprise rentable sur le long terme. Mais quelles sont les franchises les plus rentables ? D\u00e9couvrons ce qu\u2019il faut savoir \u00e0 ce sujet.<\/p>\n\n\n\n<h2 class=\"wp-block-heading\">Les franchises les plus rentables<\/h2>\n\n\n\n<p>Vous vous demandez <a href=\"https:\/\/www.dometvie.fr\/franchise\/quelle-franchise-ouvrir-en-2024\/\">quelle franchise ouvrir en 2024<\/a> ? Pour cibler une franchise rentable, il est tout d\u2019abord possible de s\u2019int\u00e9resser aux secteurs qui disposent actuellement les meilleurs r\u00e9sultats de croissance. Les secteurs porteurs du moment comprennent les domaines suivants :<\/p>\n\n\n\n<h3 class=\"wp-block-heading\">Restauration rapide&nbsp;<\/h3>\n\n\n\n<p>Les cha\u00eenes de restauration rapide restent l&rsquo;un des secteurs de franchise les plus rentables aujourd\u2019hui. Des marques bien \u00e9tablies comme McDonald&rsquo;s, Subway et KFC b\u00e9n\u00e9ficient d\u2019une r\u00e9putation mondiale et attirent des clients gr\u00e2ce aux innovations apport\u00e9es \u00e0 leurs menus et \u00e0 leurs op\u00e9rations.<\/p>\n\n\n\n<h3 class=\"wp-block-heading\">Services \u00e0 la personne&nbsp;<\/h3>\n\n\n\n<p>Le secteur des <a href=\"https:\/\/www.dometvie.fr\/franchise\/franchise-services-a-la-personne\/\">services \u00e0 la personne<\/a> est en pleine croissance en raison du vieillissement de la population mondiale. Les franchises sp\u00e9cialis\u00e9es dans les soins \u00e0 domicile qui fournissent une gamme de services tels que l&rsquo;assistance aux activit\u00e9s quotidiennes, des soins infirmiers et le soutien aux personnes \u00e2g\u00e9es ou handicap\u00e9es s\u2019av\u00e8rent particuli\u00e8rement rentables. Les franchises qui proposent des services de m\u00e9nage, de courses ou de gestion de t\u00e2ches diverses rencontrent \u00e9galement un grand succ\u00e8s. Ces services essentiels et personnalis\u00e9s r\u00e9pondent \u00e0 un besoin croissant.<\/p>\n\n\n\n<h3 class=\"wp-block-heading\">Le secteur du b\u00e2timent&nbsp;<\/h3>\n\n\n\n<p>Dans le secteur du b\u00e2timent, les franchises proposent une vari\u00e9t\u00e9 de services, allant de la r\u00e9novation r\u00e9sidentielle et commerciale \u00e0 l&rsquo;entretien, la r\u00e9paration et l\u2019adaptation des logements. Les <a href=\"https:\/\/www.dometvie.fr\/franchise\/franchise-dans-le-batiment\/\">franchises de ce secteur<\/a> peuvent \u00e9galement se sp\u00e9cialiser dans des services sp\u00e9cifiques tels que l&rsquo;isolation, la plomberie ou l\u2019installation de syst\u00e8mes de chauffage. Gr\u00e2ce \u00e0 une demande constante pour ces services et \u00e0 la possibilit\u00e9 de proposer des solutions \u00e9cologiques et innovantes, ce secteur offre des opportunit\u00e9s rentables aux personnes qui souhaitent ouvrir une franchise.<\/p>\n\n\n\n<h3 class=\"wp-block-heading\">Fitness et bien-\u00eatre<\/h3>\n\n\n\n<p>Depuis quelques ann\u00e9es, on remarque une prise de conscience croissante concernant l&rsquo;importance de la sant\u00e9 et du bien-\u00eatre. Pour cette raison, les franchises de fitness et de bien-\u00eatre ont le vent en poupe et connaissent une croissance rapide. Ces franchises proposent souvent des mod\u00e8les d&rsquo;adh\u00e9sion abordables et flexibles, attirant un large \u00e9ventail de clients. On compte \u00e9galement un nombre important de <a href=\"https:\/\/www.dometvie.fr\/franchise\/franchise-senior\/\">franchises pour seniors<\/a>.<\/p>\n\n\n\n<h3 class=\"wp-block-heading\">Services aux entreprises&nbsp;<\/h3>\n\n\n\n<p>Les franchises de services aux entreprises, comme les services de nettoyage commercial, la comptabilit\u00e9 et le marketing, d\u00e9montrent une rentabilit\u00e9 constante. Ces franchises fournissent des solutions indispensables aux entreprises, ce qui permet d\u2019assurer un flux de clients r\u00e9guliers.<\/p>\n\n\n\n<h3 class=\"wp-block-heading\">\u00c9ducation et services pour enfants<\/h3>\n\n\n\n<p>Les parents sont de plus en plus dispos\u00e9s \u00e0 investir dans l&rsquo;\u00e9ducation et les loisirs de leurs enfants. Il s\u2019agit donc \u00e9galement d\u2019un secteur int\u00e9ressant, dans lequel peuvent s\u2019illustrer de nombreuses entreprises rentables.<\/p>\n\n\n\n<h3 class=\"wp-block-heading\">Soins de sant\u00e9<\/h3>\n\n\n\n<p>De plus en plus de personnes cherchent \u00e0 limiter les effets du vieillissement, ce qui se traduit par une hausse de la croissance du secteur des soins de sant\u00e9. Les franchises de soins \u00e0 l\u2019image des cliniques de physioth\u00e9rapie sont en pleine expansion. Ces franchises fournissent des services essentiels \u00e0 un march\u00e9 en croissance.<\/p>\n\n\n\n<h2 class=\"wp-block-heading\">Facteurs cl\u00e9s pour la rentabilit\u00e9 d&rsquo;une franchise<\/h2>\n\n\n\n<p>Pour qu\u2019une franchise soit rentable, elle doit respecter diff\u00e9rents \u00e9l\u00e9ments. Au-del\u00e0 du fait d\u2019\u00e9voluer au sein d\u2019un secteur en croissance, la gestion de l\u2019entreprise d\u00e9termine \u00e9galement sa rentabilit\u00e9. Les franchises les plus rentables r\u00e9pondent \u00e0 ces facteurs cl\u00e9s :&nbsp;<\/p>\n\n\n\n<ul class=\"wp-block-list\">\n<li><strong>Notori\u00e9t\u00e9 de la marque :<\/strong> L&rsquo;un des principaux atouts d&rsquo;une franchise est la reconnaissance de la marque. Les clients sont plus susceptibles de faire confiance \u00e0 une entreprise dont la r\u00e9putation est d\u00e9j\u00e0 \u00e9tablie.<\/li>\n\n\n\n<li><strong>Mod\u00e8le \u00e9conomique \u00e9prouv\u00e9 :<\/strong> Les <a href=\"https:\/\/www.dometvie.fr\/franchise\/franchise-qui-marche\/\">franchises qui marchent<\/a> ont souvent un mod\u00e8le \u00e9conomique solide et bien \u00e9tabli. Cela comprend des processus standardis\u00e9s, une formation rigoureuse et des supports op\u00e9rationnels de qualit\u00e9 transmis aux franchis\u00e9s.<\/li>\n\n\n\n<li><strong>Support continu :<\/strong> L&rsquo;accompagnement de la franchise participe grandement au succ\u00e8s des franchis\u00e9s. Cela peut inclure des outils de marketing, des conseils en mati\u00e8re de gestion et d&rsquo;autres ressources pr\u00e9cieuses.<\/li>\n\n\n\n<li><strong>Innovation et adaptation : <\/strong>Les franchises qui restent rentables \u00e0 long terme sont celles qui savent s&rsquo;adapter aux \u00e9volutions du march\u00e9 et qui sont capables d\u2019innover en fonction des besoins et des attentes de leur cible.<\/li>\n\n\n\n<li><strong>Emplacement strat\u00e9gique :<\/strong> Le choix d&rsquo;un emplacement peut grandement influencer sur la rentabilit\u00e9 d&rsquo;une franchise. Les franchises les plus rentables sont souvent situ\u00e9es dans des zones de forte affluence et de demande \u00e9lev\u00e9e pour leurs services.<\/li>\n\n\n\n<li><strong>Gestion efficace : <\/strong>Enfin, il ne faut pas oublier que la capacit\u00e9 d&rsquo;un franchis\u00e9 \u00e0 g\u00e9rer efficacement son entreprise joue un r\u00f4le majeur dans sa rentabilit\u00e9.<\/li>\n<\/ul>\n\n\n\n<h2 class=\"wp-block-heading\">Comment calculer la rentabilit\u00e9 d\u2019une franchise ?<\/h2>\n\n\n\n<p>Vous pensez avoir trouv\u00e9 la franchise id\u00e9ale ? Avant de vous lancer, pensez \u00e0 effectuer le calcul de sa rentabilit\u00e9, de mani\u00e8re \u00e0 v\u00e9rifier que votre investissement en vaille la peine. Pour calculer la rentabilit\u00e9 d&rsquo;une franchise, vous devez prendre en compte diff\u00e9rents facteurs financiers et \u00e9conomiques.<\/p>\n\n\n\n<ul class=\"wp-block-list\">\n<li><strong>Recueillir les donn\u00e9es financi\u00e8res : <\/strong>Calculez le co\u00fbt n\u00e9cessaire \u00e0 l\u2019ouverture de la franchise, les co\u00fbts d\u2019exploitation, l\u2019estimation des revenus g\u00e9n\u00e9r\u00e9s par l\u2019entreprise ainsi que les frais que vous devrez r\u00e9gler au franchiseur. Vous pourrez calculer le b\u00e9n\u00e9fice net de la franchise en soustrayant les co\u00fbts d\u2019exploitation aux revenus obtenus.<\/li>\n\n\n\n<li><strong>Calculez le retour sur investissement :<\/strong> Pour cela, vous devrez diviser le b\u00e9n\u00e9fice net annuel estim\u00e9 par l&rsquo;investissement initial effectu\u00e9. Vous obtiendrez un pourcentage qui mesure l&rsquo;efficacit\u00e9 de l&rsquo;investissement.&nbsp;<\/li>\n\n\n\n<li><strong>N\u2019oubliez pas de prendre en compte d&rsquo;autres facteurs :<\/strong> La demande du march\u00e9, les risques potentiels associ\u00e9s \u00e0 la franchise, ou encore la satisfaction des autres franchis\u00e9s doivent \u00eatre \u00e9tudi\u00e9s.<\/li>\n<\/ul>\n\n\n\n<div class=\"wp-block-group has-black-color has-text-color has-background has-link-color wp-elements-13f79cc389e594a067fffa4f1d46250c\" style=\"background-color:#fff3f9\"><div class=\"wp-block-group__inner-container is-layout-constrained wp-block-group-is-layout-constrained\">\n<div class=\"wp-block-group\"><div class=\"wp-block-group__inner-container is-layout-constrained wp-block-group-is-layout-constrained\">\n<div class=\"wp-block-group\"><div class=\"wp-block-group__inner-container is-layout-constrained wp-block-group-is-layout-constrained\">\n<h2 class=\"wp-block-heading has-text-align-center has-black-color has-text-color has-background has-link-color wp-elements-9fc6a11f8805f0844820c14bac67cb0f\" style=\"background-color:#fff3f9\">Profitez d\u2019une franchise rentable : DOMetVIE<\/h2>\n\n\n<div class=\"wp-block-image imghaut\">\n<figure class=\"aligncenter size-full is-resized\"><img decoding=\"async\" src=\"https:\/\/www.dometvie.fr\/franchise\/wp-content\/uploads\/2024\/05\/temoigne.svg\" alt=\"\" class=\"wp-image-1155\" style=\"width:100px\"\/><\/figure>\n<\/div>\n\n\n<p class=\"has-text-align-center has-black-color has-text-color has-background has-link-color wp-elements-f18d0b08831ee0adadaa4ace4b2ae2de\" style=\"background-color:#fff3f9\">La franchise DOMetVIE \u00e9volue au sein d\u2019un secteur en pleine croissance, puisqu\u2019elle propose ses services d\u2019adaptation du logement aux personnes en perte de mobilit\u00e9, s\u2019agissant en grande partie de seniors. Elle offre \u00e9galement un accompagnement de qualit\u00e9, ainsi qu\u2019un investissement global mod\u00e9r\u00e9, estim\u00e9 entre 80 000 et 150 000 \u20ac.<\/p>\n<\/div><\/div>\n<\/div><\/div>\n<\/div><\/div>\n\n\n\n<div class=\"wp-block-buttons is-content-justification-center is-layout-flex wp-container-core-buttons-is-layout-5590e8cb wp-block-buttons-is-layout-flex\">\n<div class=\"wp-block-button\"><a class=\"wp-block-button__link has-text-align-center wp-element-button\" href=\"https:\/\/www.dometvie.fr\/franchise\/contact\/\">Vous voulez en savoir plus sur la rentabilit\u00e9 de la franchise DOMetVIE<\/a><\/div>\n<\/div>\n\n\n\n<h3 class=\"wp-block-heading\">DOMetVIE en toute franchise<\/h3>\n\n\n\n<div class=\"wp-block-columns alignfull has-medium-font-size is-layout-flex wp-container-core-columns-is-layout-9d6595d7 wp-block-columns-is-layout-flex\">\n<div class=\"wp-block-column is-layout-flow wp-block-column-is-layout-flow\">\n<h4 class=\"wp-block-heading has-text-align-center\" style=\"font-size:24px;line-height:1.3\"><strong><a href=\"https:\/\/www.dometvie.fr\/franchise\/ouvrir-une-franchise\/\">Ouvrir une franchise \u2197<\/a><\/strong><\/h4>\n<\/div>\n\n\n\n<div class=\"wp-block-column is-layout-flow wp-block-column-is-layout-flow\">\n<h4 class=\"wp-block-heading has-text-align-center\" style=\"font-size:24px;line-height:1.3\"><strong><a href=\"https:\/\/www.dometvie.fr\/franchise\/magasin-en-franchise\/\">Magasin en franchise \u2197<\/a><\/strong><\/h4>\n<\/div>\n\n\n\n<div class=\"wp-block-column is-layout-flow wp-block-column-is-layout-flow\">\n<h4 class=\"wp-block-heading has-text-align-center\" style=\"font-size:24px;line-height:1.3\"><strong><a href=\"https:\/\/www.dometvie.fr\/franchise\/salon-de-la-franchise\/\">Salon de la franchise \u2197<\/a><\/strong><\/h4>\n<\/div>\n\n\n\n<div class=\"wp-block-column is-layout-flow wp-block-column-is-layout-flow\">\n<h4 class=\"wp-block-heading has-text-align-center\" style=\"font-size:24px;line-height:1.3\"><strong><a href=\"https:\/\/www.dometvie.fr\/franchise\/definition-franchise\/\">D\u00e9finition franchise \u2197<\/a><\/strong><\/h4>\n<\/div>\n<\/div>\n","protected":false},"excerpt":{"rendered":"<p>Les franchises sont un moyen int\u00e9ressant de d\u00e9velopper son entreprise en profitant d\u2019un mod\u00e8le qui existe d\u00e9j\u00e0 et qui a fait ses preuves. Pour les entrepreneurs, l&rsquo;un des aspects les [&hellip;]<\/p>\n","protected":false},"author":1,"featured_media":0,"parent":1178,"menu_order":0,"comment_status":"closed","ping_status":"closed","template":"","meta":{"footnotes":""},"class_list":["post-1195","page","type-page","status-publish","hentry"],"acf":[],"yoast_head":"<!-- This site is optimized with the Yoast SEO plugin v27.4 - https:\/\/yoast.com\/product\/yoast-seo-wordpress\/ -->\n<title>Franchises les plus rentables : secteurs et \u00e9l\u00e9ments d\u00e9terminants pour la rentabilit\u00e9 d\u2019une franchise - DOMetVIE<\/title>\n<meta name=\"robots\" content=\"index, follow, max-snippet:-1, max-image-preview:large, max-video-preview:-1\" \/>\n<link rel=\"canonical\" href=\"https:\/\/www.dometvie.fr\/franchise\/franchises-les-plus-rentables\/\" \/>\n<meta property=\"og:locale\" content=\"fr_FR\" \/>\n<meta property=\"og:type\" content=\"article\" \/>\n<meta property=\"og:title\" content=\"Franchises les plus rentables : secteurs et \u00e9l\u00e9ments d\u00e9terminants pour la rentabilit\u00e9 d\u2019une franchise - DOMetVIE\" \/>\n<meta property=\"og:description\" content=\"Les franchises sont un moyen int\u00e9ressant de d\u00e9velopper son entreprise en profitant d\u2019un mod\u00e8le qui existe d\u00e9j\u00e0 et qui a fait ses preuves. Pour les entrepreneurs, l&rsquo;un des aspects les [&hellip;]\" \/>\n<meta property=\"og:url\" content=\"https:\/\/www.dometvie.fr\/franchise\/franchises-les-plus-rentables\/\" \/>\n<meta property=\"og:site_name\" content=\"DOMetVIE\" \/>\n<meta property=\"article:modified_time\" content=\"2024-06-06T09:34:42+00:00\" \/>\n<meta property=\"og:image\" content=\"https:\/\/www.dometvie.fr\/franchise\/wp-content\/uploads\/2024\/05\/temoigne.svg\" \/>\n<meta name=\"twitter:card\" content=\"summary_large_image\" \/>\n<meta name=\"twitter:label1\" content=\"Dur\u00e9e de lecture estim\u00e9e\" \/>\n\t<meta name=\"twitter:data1\" content=\"6 minutes\" \/>\n<script type=\"application\/ld+json\" class=\"yoast-schema-graph\">{\"@context\":\"https:\\\/\\\/schema.org\",\"@graph\":[{\"@type\":\"WebPage\",\"@id\":\"https:\\\/\\\/www.dometvie.fr\\\/franchise\\\/franchises-les-plus-rentables\\\/\",\"url\":\"https:\\\/\\\/www.dometvie.fr\\\/franchise\\\/franchises-les-plus-rentables\\\/\",\"name\":\"Franchises les plus rentables : secteurs et \u00e9l\u00e9ments d\u00e9terminants pour la rentabilit\u00e9 d\u2019une franchise - DOMetVIE\",\"isPartOf\":{\"@id\":\"https:\\\/\\\/www.dometvie.fr\\\/franchise\\\/#website\"},\"primaryImageOfPage\":{\"@id\":\"https:\\\/\\\/www.dometvie.fr\\\/franchise\\\/franchises-les-plus-rentables\\\/#primaryimage\"},\"image\":{\"@id\":\"https:\\\/\\\/www.dometvie.fr\\\/franchise\\\/franchises-les-plus-rentables\\\/#primaryimage\"},\"thumbnailUrl\":\"https:\\\/\\\/www.dometvie.fr\\\/franchise\\\/wp-content\\\/uploads\\\/2024\\\/05\\\/temoigne.svg\",\"datePublished\":\"2024-06-03T13:24:35+00:00\",\"dateModified\":\"2024-06-06T09:34:42+00:00\",\"breadcrumb\":{\"@id\":\"https:\\\/\\\/www.dometvie.fr\\\/franchise\\\/franchises-les-plus-rentables\\\/#breadcrumb\"},\"inLanguage\":\"fr-FR\",\"potentialAction\":[{\"@type\":\"ReadAction\",\"target\":[\"https:\\\/\\\/www.dometvie.fr\\\/franchise\\\/franchises-les-plus-rentables\\\/\"]}]},{\"@type\":\"ImageObject\",\"inLanguage\":\"fr-FR\",\"@id\":\"https:\\\/\\\/www.dometvie.fr\\\/franchise\\\/franchises-les-plus-rentables\\\/#primaryimage\",\"url\":\"https:\\\/\\\/www.dometvie.fr\\\/franchise\\\/wp-content\\\/uploads\\\/2024\\\/05\\\/temoigne.svg\",\"contentUrl\":\"https:\\\/\\\/www.dometvie.fr\\\/franchise\\\/wp-content\\\/uploads\\\/2024\\\/05\\\/temoigne.svg\"},{\"@type\":\"BreadcrumbList\",\"@id\":\"https:\\\/\\\/www.dometvie.fr\\\/franchise\\\/franchises-les-plus-rentables\\\/#breadcrumb\",\"itemListElement\":[{\"@type\":\"ListItem\",\"position\":1,\"name\":\"Accueil\",\"item\":\"https:\\\/\\\/www.dometvie.fr\\\/franchise\\\/\"},{\"@type\":\"ListItem\",\"position\":2,\"name\":\"Franchise DOMetVIE : la franchise sp\u00e9cialiste de l\u2019adaptation du domicile\",\"item\":\"https:\\\/\\\/www.dometvie.fr\\\/franchise\\\/franchise-dometvie\\\/\"},{\"@type\":\"ListItem\",\"position\":3,\"name\":\"Franchises les plus rentables : secteurs et \u00e9l\u00e9ments d\u00e9terminants pour la rentabilit\u00e9 d\u2019une franchise\"}]},{\"@type\":\"WebSite\",\"@id\":\"https:\\\/\\\/www.dometvie.fr\\\/franchise\\\/#website\",\"url\":\"https:\\\/\\\/www.dometvie.fr\\\/franchise\\\/\",\"name\":\"DOMetVIE\",\"description\":\"Donnez du sens \u00e0 votre m\u00e9tier !\",\"potentialAction\":[{\"@type\":\"SearchAction\",\"target\":{\"@type\":\"EntryPoint\",\"urlTemplate\":\"https:\\\/\\\/www.dometvie.fr\\\/franchise\\\/?s={search_term_string}\"},\"query-input\":{\"@type\":\"PropertyValueSpecification\",\"valueRequired\":true,\"valueName\":\"search_term_string\"}}],\"inLanguage\":\"fr-FR\"}]}<\/script>\n<!-- \/ Yoast SEO plugin. -->","yoast_head_json":{"title":"Franchises les plus rentables : secteurs et \u00e9l\u00e9ments d\u00e9terminants pour la rentabilit\u00e9 d\u2019une franchise - DOMetVIE","robots":{"index":"index","follow":"follow","max-snippet":"max-snippet:-1","max-image-preview":"max-image-preview:large","max-video-preview":"max-video-preview:-1"},"canonical":"https:\/\/www.dometvie.fr\/franchise\/franchises-les-plus-rentables\/","og_locale":"fr_FR","og_type":"article","og_title":"Franchises les plus rentables : secteurs et \u00e9l\u00e9ments d\u00e9terminants pour la rentabilit\u00e9 d\u2019une franchise - DOMetVIE","og_description":"Les franchises sont un moyen int\u00e9ressant de d\u00e9velopper son entreprise en profitant d\u2019un mod\u00e8le qui existe d\u00e9j\u00e0 et qui a fait ses preuves. Pour les entrepreneurs, l&rsquo;un des aspects les [&hellip;]","og_url":"https:\/\/www.dometvie.fr\/franchise\/franchises-les-plus-rentables\/","og_site_name":"DOMetVIE","article_modified_time":"2024-06-06T09:34:42+00:00","og_image":[{"url":"https:\/\/www.dometvie.fr\/franchise\/wp-content\/uploads\/2024\/05\/temoigne.svg","type":"","width":"","height":""}],"twitter_card":"summary_large_image","twitter_misc":{"Dur\u00e9e de lecture estim\u00e9e":"6 minutes"},"schema":{"@context":"https:\/\/schema.org","@graph":[{"@type":"WebPage","@id":"https:\/\/www.dometvie.fr\/franchise\/franchises-les-plus-rentables\/","url":"https:\/\/www.dometvie.fr\/franchise\/franchises-les-plus-rentables\/","name":"Franchises les plus rentables : secteurs et \u00e9l\u00e9ments d\u00e9terminants pour la rentabilit\u00e9 d\u2019une franchise - DOMetVIE","isPartOf":{"@id":"https:\/\/www.dometvie.fr\/franchise\/#website"},"primaryImageOfPage":{"@id":"https:\/\/www.dometvie.fr\/franchise\/franchises-les-plus-rentables\/#primaryimage"},"image":{"@id":"https:\/\/www.dometvie.fr\/franchise\/franchises-les-plus-rentables\/#primaryimage"},"thumbnailUrl":"https:\/\/www.dometvie.fr\/franchise\/wp-content\/uploads\/2024\/05\/temoigne.svg","datePublished":"2024-06-03T13:24:35+00:00","dateModified":"2024-06-06T09:34:42+00:00","breadcrumb":{"@id":"https:\/\/www.dometvie.fr\/franchise\/franchises-les-plus-rentables\/#breadcrumb"},"inLanguage":"fr-FR","potentialAction":[{"@type":"ReadAction","target":["https:\/\/www.dometvie.fr\/franchise\/franchises-les-plus-rentables\/"]}]},{"@type":"ImageObject","inLanguage":"fr-FR","@id":"https:\/\/www.dometvie.fr\/franchise\/franchises-les-plus-rentables\/#primaryimage","url":"https:\/\/www.dometvie.fr\/franchise\/wp-content\/uploads\/2024\/05\/temoigne.svg","contentUrl":"https:\/\/www.dometvie.fr\/franchise\/wp-content\/uploads\/2024\/05\/temoigne.svg"},{"@type":"BreadcrumbList","@id":"https:\/\/www.dometvie.fr\/franchise\/franchises-les-plus-rentables\/#breadcrumb","itemListElement":[{"@type":"ListItem","position":1,"name":"Accueil","item":"https:\/\/www.dometvie.fr\/franchise\/"},{"@type":"ListItem","position":2,"name":"Franchise DOMetVIE : la franchise sp\u00e9cialiste de l\u2019adaptation du domicile","item":"https:\/\/www.dometvie.fr\/franchise\/franchise-dometvie\/"},{"@type":"ListItem","position":3,"name":"Franchises les plus rentables : secteurs et \u00e9l\u00e9ments d\u00e9terminants pour la rentabilit\u00e9 d\u2019une franchise"}]},{"@type":"WebSite","@id":"https:\/\/www.dometvie.fr\/franchise\/#website","url":"https:\/\/www.dometvie.fr\/franchise\/","name":"DOMetVIE","description":"Donnez du sens \u00e0 votre m\u00e9tier !","potentialAction":[{"@type":"SearchAction","target":{"@type":"EntryPoint","urlTemplate":"https:\/\/www.dometvie.fr\/franchise\/?s={search_term_string}"},"query-input":{"@type":"PropertyValueSpecification","valueRequired":true,"valueName":"search_term_string"}}],"inLanguage":"fr-FR"}]}},"_links":{"self":[{"href":"https:\/\/www.dometvie.fr\/franchise\/wp-json\/wp\/v2\/pages\/1195","targetHints":{"allow":["GET"]}}],"collection":[{"href":"https:\/\/www.dometvie.fr\/franchise\/wp-json\/wp\/v2\/pages"}],"about":[{"href":"https:\/\/www.dometvie.fr\/franchise\/wp-json\/wp\/v2\/types\/page"}],"author":[{"embeddable":true,"href":"https:\/\/www.dometvie.fr\/franchise\/wp-json\/wp\/v2\/users\/1"}],"replies":[{"embeddable":true,"href":"https:\/\/www.dometvie.fr\/franchise\/wp-json\/wp\/v2\/comments?post=1195"}],"version-history":[{"count":13,"href":"https:\/\/www.dometvie.fr\/franchise\/wp-json\/wp\/v2\/pages\/1195\/revisions"}],"predecessor-version":[{"id":1379,"href":"https:\/\/www.dometvie.fr\/franchise\/wp-json\/wp\/v2\/pages\/1195\/revisions\/1379"}],"up":[{"embeddable":true,"href":"https:\/\/www.dometvie.fr\/franchise\/wp-json\/wp\/v2\/pages\/1178"}],"wp:attachment":[{"href":"https:\/\/www.dometvie.fr\/franchise\/wp-json\/wp\/v2\/media?parent=1195"}],"curies":[{"name":"wp","href":"https:\/\/api.w.org\/{rel}","templated":true}]}}