{"id":1205,"date":"2024-06-03T15:26:53","date_gmt":"2024-06-03T13:26:53","guid":{"rendered":"https:\/\/www.dometvie.fr\/franchise\/?page_id=1205"},"modified":"2024-06-15T15:51:13","modified_gmt":"2024-06-15T13:51:13","slug":"comment-ouvrir-une-franchise","status":"publish","type":"page","link":"https:\/\/www.dometvie.fr\/franchise\/comment-ouvrir-une-franchise\/","title":{"rendered":"Comment ouvrir une franchise : les \u00e9tapes cl\u00e9s"},"content":{"rendered":"\n<p>Vous songez \u00e0 l\u2019ouverture d\u2019une franchise ? Il s\u2019agit bien souvent d\u2019une exp\u00e9rience enrichissante, qui vous permet d\u2019entreprendre tout en b\u00e9n\u00e9ficiant d\u2019un soutien privil\u00e9gi\u00e9, de l\u2019expertise et de la r\u00e9putation d\u2019une marque \u00e9tablie. L\u2019ouverture d\u2019une franchise n\u00e9cessite cependant une pr\u00e9paration minutieuse, qui participe grandement \u00e0 la r\u00e9ussite de votre projet. Voici les \u00e9tapes que vous devrez suivre pour savoir <a href=\"https:\/\/www.dometvie.fr\/franchise\/ouvrir-une-franchise\/\">comment ouvrir une franchise<\/a>.<\/p>\n\n\n\n<h2 class=\"wp-block-heading\">1. Comment ouvrir une franchise : \u00e9valuez vos comp\u00e9tences et vos attentes<\/h2>\n\n\n\n<p>Avant de vous lancer dans l&rsquo;aventure de la franchise, vous devrez tout d\u2019abord vous poser les bonnes questions concernant vos attentes. Tout commence par une \u00e9valuation personnelle de vos comp\u00e9tences, de vos int\u00e9r\u00eats et de vos objectifs. Cette \u00e9tape initiale est cruciale pour vous assurer que le choix d\u2019une franchise est un projet qui vous correspond et pour comprendre quel type de franchise conviendra le mieux \u00e0 votre profil. Identifiez vos forces, vos faiblesses, vos int\u00e9r\u00eats professionnels et vos objectifs financiers.<\/p>\n\n\n\n<ul class=\"wp-block-list\">\n<li>Commencez par passer en revue vos comp\u00e9tences professionnelles actuelles et r\u00e9fl\u00e9chissez aux domaines dans lesquels vous excellez. Vous devrez prendre en consid\u00e9ration vos comp\u00e9tences en gestion, en communication, en vente et en marketing, mais aussi vos comp\u00e9tences techniques et votre capacit\u00e9 de r\u00e9solution de probl\u00e8mes.<\/li>\n\n\n\n<li>N\u2019oubliez pas de d\u00e9terminer clairement quelles sont vos attentes personnelles, notamment concernant le temps que vous souhaitez consacrer \u00e0 votre entreprise ou vos objectifs financiers.\u00a0<\/li>\n\n\n\n<li>Enfin, r\u00e9fl\u00e9chissez \u00e0 vos motivations. Qu\u2019est-ce qui vous donne envie d\u2019ouvrir une franchise ? Quel secteur et quel type de franchise \u00e9veille le plus votre int\u00e9r\u00eat ?<\/li>\n<\/ul>\n\n\n\n<h2 class=\"wp-block-heading\">2. D\u00e9terminer son secteur et cibler les meilleures franchises<\/h2>\n\n\n\n<p>Maintenant que vous disposez d\u2019une meilleure compr\u00e9hension de vos objectifs, en prenant en compte vos int\u00e9r\u00eats et vos comp\u00e9tences, vous pouvez vous lancer dans l\u2019\u00e9tude des secteurs correspondant le mieux \u00e0 vos attentes. Au-del\u00e0 de vos int\u00e9r\u00eats personnels, vous devrez aussi examiner quels sont les secteurs porteurs. Aujourd\u2019hui, les secteurs qui pr\u00e9sentent les taux de croissance les plus importants sont le secteur du e-commerce, le secteur de l\u2019environnement, du luxe, du b\u00e2timent et des services \u00e0 la personne.<\/p>\n\n\n\n<p class=\"has-white-color has-text-color has-background has-link-color wp-elements-5559d0695a2f06f667ff9e66f08ebc69\" style=\"background-color:#088b99\">Une fois que vous avez trouv\u00e9 votre secteur, vous pouvez vous int\u00e9resser aux franchises disponibles dans le domaine cibl\u00e9. Il existe de nombreuses ressources qui peuvent vous aider \u00e0 trouver des franchises, notamment des annuaires en ligne, mais aussi \u00e0 travers des salons de la franchise et des magazines sp\u00e9cialis\u00e9s. Prenez le temps d&rsquo;examiner diff\u00e9rentes franchises pouvant correspondre \u00e0 vos int\u00e9r\u00eats et \u00e0 vos objectifs.<\/p>\n\n\n\n<h2 class=\"wp-block-heading\">3. Analyse et choix de la franchise<\/h2>\n\n\n\n<p>Apr\u00e8s avoir identifi\u00e9 diff\u00e9rentes franchises potentielles, il est important d&rsquo;analyser chaque option en d\u00e9tail. Vous devrez pour cela r\u00e9aliser l&rsquo;examen des \u00e9l\u00e9ments suivants :<\/p>\n\n\n\n<ul class=\"wp-block-list\">\n<li><strong>R\u00e9putation de la franchise :<\/strong> Int\u00e9ressez-vous aux avis disponibles en ligne et discutez avec d&rsquo;autres franchis\u00e9s afin de conna\u00eetre leur exp\u00e9rience au sein de cette franchise.<\/li>\n\n\n\n<li><strong>Mod\u00e8le \u00e9conomique :<\/strong> Renseignez-vous concernant les co\u00fbts initiaux, les redevances, les d\u00e9penses suppl\u00e9mentaires \u00e0 r\u00e9aliser et les projections financi\u00e8res de la franchise pour vous assurer qu\u2019il s\u2019agit d\u2019un mod\u00e8le \u00e9conomique viable.<\/li>\n\n\n\n<li><strong>Contrat de franchise :<\/strong> Examinez attentivement le contrat de franchise pour comprendre quels sont vos droits et obligations en tant que franchis\u00e9.<\/li>\n\n\n\n<li><strong>Accompagnement de la franchise :<\/strong> Renseignez-vous au sujet de l\u2019accompagnement mis en place par le franchiseur, notamment en ce qui concerne la formation initiale et le soutien continu.<\/li>\n<\/ul>\n\n\n\n<h2 class=\"wp-block-heading\">4. Choix du statut juridique et planification financi\u00e8re<\/h2>\n\n\n\n<p>Vous avez trouv\u00e9 la franchise id\u00e9ale ? Il est maintenant temps de s\u2019int\u00e9resser au statut juridique le plus appropri\u00e9. Ce choix d\u00e9pend essentiellement de la construction de l\u2019entreprise. Si vous \u00eates seul, vous pourrez faire le choix de la SASU ou de l\u2019EURL, ou vous orienter vers la SAS ou la SARL pour un projet \u00e0 plusieurs.<\/p>\n\n\n\n<p>Autre point, la planification financi\u00e8re est cruciale lors de l&rsquo;ouverture d&rsquo;une franchise. Cette planification implique de calculer le co\u00fbt total de l&rsquo;investissement initial, dont les frais de franchise, les investissements en \u00e9quipement et en stocks, ainsi que les co\u00fbts op\u00e9rationnels tels que les salaires et les loyers dont vous devrez vous acquitter. Assurez-vous \u00e9galement de disposer d\u2019un fond de roulement suffisant pour couvrir les d\u00e9penses n\u00e9cessaires lors du lancement de l\u2019entreprise.<\/p>\n\n\n\n<h2 class=\"wp-block-heading\">5. Recherche de financements<\/h2>\n\n\n\n<p>Maintenant que vous avez une id\u00e9e claire de vos besoins financiers, explorez les options de financement disponibles. Vous pourrez utiliser vos fonds personnels ou faire appel aux banques ou \u00e0 des investisseurs pour obtenir le financement n\u00e9cessaire. Pr\u00e9parez un business plan solide qui vous aidera \u00e0 convaincre les pr\u00eateurs concernant la viabilit\u00e9 de votre projet.<\/p>\n\n\n\n<h2 class=\"wp-block-heading\">6. Signature du contrat de franchise<\/h2>\n\n\n\n<p>Si tout est pr\u00eat, et que vous \u00eates certain de vouloir vous lancer dans cette aventure, il ne vous reste plus qu\u2019\u00e0 \u00e9tudier le contrat de franchise en d\u00e9tail avant d\u2019y apposer votre signature. Assurez-vous de comprendre et d&rsquo;accepter toutes les clauses du contrat avant de le signer, n\u2019h\u00e9sitez pas \u00e0 questionner le franchiseur sur les points qui demandent davantage d\u2019\u00e9claircissements.<\/p>\n\n\n\n<h2 class=\"wp-block-heading\">7. Formation et pr\u00e9paration pour ouvrir la franchise<\/h2>\n\n\n\n<p>Une fois le contrat sign\u00e9, vous serez invit\u00e9 \u00e0 participer \u00e0 la formation fournie par le franchiseur. Cette formation vous permettra de comprendre les proc\u00e9dures op\u00e9rationnelles, les normes de la marque et les pratiques \u00e0 respecter. C\u2019est aussi le moment de pr\u00e9parer l\u2019ouverture de votre franchise en embauchant et en formant votre personnel lorsque cela est n\u00e9cessaire, en organisant votre espace de travail et en mettant en place les syst\u00e8mes n\u00e9cessaires pour assurer la gestion de votre franchise.<\/p>\n\n\n\n<h2 class=\"wp-block-heading\">8. Lancement de la franchise<\/h2>\n\n\n\n<p>Apr\u00e8s avoir termin\u00e9 la formation et pr\u00e9par\u00e9 votre entreprise, il est temps de lancer votre franchise. Cela implique souvent la mise en place d\u2019une campagne de marketing pour annoncer l&rsquo;ouverture de votre entreprise et attirer de nouveaux clients. Assurez-vous de suivre les directives du franchiseur en mati\u00e8re de marketing et de communication pour maintenir la coh\u00e9rence de la marque.<\/p>\n\n\n\n<h2 class=\"wp-block-heading\">Comment ouvrir une franchise avec DOMetVIE<\/h2>\n\n\n\n<p>Vous \u00eates encore \u00e0 la recherche de la franchise id\u00e9ale ? Si vous souhaitez \u00e9voluer dans un secteur en plein boom et proposer un service utile, orient\u00e9 vers l\u2019humain, d\u00e9couvrez la franchise DOMetVIE. Vous disposerez d\u2019un accompagnement complet pour aider les personnes en perte d\u2019autonomie \u00e0 adapter leur habitat \u00e0 leurs besoins. DOMetVIE compte actuellement plus de 50 franchises d\u00e9ploy\u00e9es sur l\u2019ensemble du territoire fran\u00e7ais.&nbsp;<\/p>\n\n\n\n<div class=\"wp-block-buttons is-content-justification-center is-layout-flex wp-container-core-buttons-is-layout-16018d1d wp-block-buttons-is-layout-flex\">\n<div class=\"wp-block-button\"><a class=\"wp-block-button__link wp-element-button\" href=\"https:\/\/www.dometvie.fr\/franchise\/contact\/\">Contactez-nous pour savoir comment ouvrir une franchise DOMetVIE<\/a><\/div>\n<\/div>\n\n\n\n<h3 class=\"wp-block-heading\">DOMetVIE en toute franchise <\/h3>\n\n\n\n<div class=\"wp-block-columns alignfull has-text-color has-background is-layout-flex wp-container-core-columns-is-layout-9d6595d7 wp-block-columns-is-layout-flex\" style=\"color:#000000;background-color:#ffffff\">\n<div class=\"wp-block-column is-layout-flow wp-block-column-is-layout-flow\">\n<h4 class=\"wp-block-heading has-text-align-center\" style=\"font-size:24px;line-height:1.3\"><strong><a href=\"https:\/\/www.dometvie.fr\/franchise\/ouvrir-une-franchise-sans-apport\/\">Ouvrir une franchise sans apport \u2197<\/a><\/strong><\/h4>\n<\/div>\n\n\n\n<div class=\"wp-block-column is-layout-flow wp-block-column-is-layout-flow\">\n<h4 class=\"wp-block-heading has-text-align-center\" style=\"font-size:24px;line-height:1.3\"><strong><a href=\"https:\/\/www.dometvie.fr\/franchise\/franchise-avantages\/\">Franchise avantages \u2197<\/a><\/strong><\/h4>\n<\/div>\n\n\n\n<div class=\"wp-block-column is-layout-flow wp-block-column-is-layout-flow\">\n<h4 class=\"wp-block-heading has-text-align-center\" style=\"font-size:24px;line-height:1.3\"><strong><a href=\"https:\/\/www.dometvie.fr\/franchise\/investir-dans-une-franchise\/\">Investir dans une franchise \u2197<\/a><\/strong><\/h4>\n<\/div>\n\n\n\n<div class=\"wp-block-column is-layout-flow wp-block-column-is-layout-flow\">\n<h4 class=\"wp-block-heading has-text-align-center\" style=\"font-size:24px;line-height:1.3\"><strong><a href=\"https:\/\/www.dometvie.fr\/franchise\/reprendre-une-franchise\/\">Reprendre une franchise \u2197<\/a><\/strong><\/h4>\n<\/div>\n\n\n\n<div class=\"wp-block-column is-layout-flow wp-block-column-is-layout-flow\">\n<h4 class=\"wp-block-heading has-text-align-center\" style=\"font-size:24px;line-height:1.3\"><strong><a href=\"https:\/\/www.dometvie.fr\/franchise\/acheter-une-franchise\/\">Acheter une franchise \u2197<\/a><\/strong><\/h4>\n<\/div>\n<\/div>\n","protected":false},"excerpt":{"rendered":"<p>Vous songez \u00e0 l\u2019ouverture d\u2019une franchise ? Il s\u2019agit bien souvent d\u2019une exp\u00e9rience enrichissante, qui vous permet d\u2019entreprendre tout en b\u00e9n\u00e9ficiant d\u2019un soutien privil\u00e9gi\u00e9, de l\u2019expertise et de la r\u00e9putation [&hellip;]<\/p>\n","protected":false},"author":1,"featured_media":0,"parent":1193,"menu_order":0,"comment_status":"closed","ping_status":"closed","template":"","meta":{"footnotes":""},"class_list":["post-1205","page","type-page","status-publish","hentry"],"acf":[],"yoast_head":"<!-- This site is optimized with the Yoast SEO plugin v27.4 - https:\/\/yoast.com\/product\/yoast-seo-wordpress\/ -->\n<title>Comment ouvrir une franchise : les \u00e9tapes cl\u00e9s - DOMetVIE<\/title>\n<meta name=\"robots\" content=\"index, follow, max-snippet:-1, max-image-preview:large, max-video-preview:-1\" \/>\n<link rel=\"canonical\" href=\"https:\/\/www.dometvie.fr\/franchise\/comment-ouvrir-une-franchise\/\" \/>\n<meta property=\"og:locale\" content=\"fr_FR\" \/>\n<meta property=\"og:type\" content=\"article\" \/>\n<meta property=\"og:title\" content=\"Comment ouvrir une franchise : les \u00e9tapes cl\u00e9s - DOMetVIE\" \/>\n<meta property=\"og:description\" content=\"Vous songez \u00e0 l\u2019ouverture d\u2019une franchise ? Il s\u2019agit bien souvent d\u2019une exp\u00e9rience enrichissante, qui vous permet d\u2019entreprendre tout en b\u00e9n\u00e9ficiant d\u2019un soutien privil\u00e9gi\u00e9, de l\u2019expertise et de la r\u00e9putation [&hellip;]\" \/>\n<meta property=\"og:url\" content=\"https:\/\/www.dometvie.fr\/franchise\/comment-ouvrir-une-franchise\/\" \/>\n<meta property=\"og:site_name\" content=\"DOMetVIE\" \/>\n<meta property=\"article:modified_time\" content=\"2024-06-15T13:51:13+00:00\" \/>\n<meta name=\"twitter:card\" content=\"summary_large_image\" \/>\n<meta name=\"twitter:label1\" content=\"Dur\u00e9e de lecture estim\u00e9e\" \/>\n\t<meta name=\"twitter:data1\" content=\"6 minutes\" \/>\n<script type=\"application\/ld+json\" class=\"yoast-schema-graph\">{\"@context\":\"https:\\\/\\\/schema.org\",\"@graph\":[{\"@type\":\"WebPage\",\"@id\":\"https:\\\/\\\/www.dometvie.fr\\\/franchise\\\/comment-ouvrir-une-franchise\\\/\",\"url\":\"https:\\\/\\\/www.dometvie.fr\\\/franchise\\\/comment-ouvrir-une-franchise\\\/\",\"name\":\"Comment ouvrir une franchise : les \u00e9tapes cl\u00e9s - DOMetVIE\",\"isPartOf\":{\"@id\":\"https:\\\/\\\/www.dometvie.fr\\\/franchise\\\/#website\"},\"datePublished\":\"2024-06-03T13:26:53+00:00\",\"dateModified\":\"2024-06-15T13:51:13+00:00\",\"breadcrumb\":{\"@id\":\"https:\\\/\\\/www.dometvie.fr\\\/franchise\\\/comment-ouvrir-une-franchise\\\/#breadcrumb\"},\"inLanguage\":\"fr-FR\",\"potentialAction\":[{\"@type\":\"ReadAction\",\"target\":[\"https:\\\/\\\/www.dometvie.fr\\\/franchise\\\/comment-ouvrir-une-franchise\\\/\"]}]},{\"@type\":\"BreadcrumbList\",\"@id\":\"https:\\\/\\\/www.dometvie.fr\\\/franchise\\\/comment-ouvrir-une-franchise\\\/#breadcrumb\",\"itemListElement\":[{\"@type\":\"ListItem\",\"position\":1,\"name\":\"Accueil\",\"item\":\"https:\\\/\\\/www.dometvie.fr\\\/franchise\\\/\"},{\"@type\":\"ListItem\",\"position\":2,\"name\":\"Franchise DOMetVIE : la franchise sp\u00e9cialiste de l\u2019adaptation du domicile\",\"item\":\"https:\\\/\\\/www.dometvie.fr\\\/franchise\\\/franchise-dometvie\\\/\"},{\"@type\":\"ListItem\",\"position\":3,\"name\":\"Devenir franchis\u00e9 : comment ouvrir une franchise en 2024\",\"item\":\"https:\\\/\\\/www.dometvie.fr\\\/franchise\\\/ouvrir-une-franchise\\\/\"},{\"@type\":\"ListItem\",\"position\":4,\"name\":\"Comment ouvrir une franchise : les \u00e9tapes cl\u00e9s\"}]},{\"@type\":\"WebSite\",\"@id\":\"https:\\\/\\\/www.dometvie.fr\\\/franchise\\\/#website\",\"url\":\"https:\\\/\\\/www.dometvie.fr\\\/franchise\\\/\",\"name\":\"DOMetVIE\",\"description\":\"Donnez du sens \u00e0 votre m\u00e9tier !\",\"potentialAction\":[{\"@type\":\"SearchAction\",\"target\":{\"@type\":\"EntryPoint\",\"urlTemplate\":\"https:\\\/\\\/www.dometvie.fr\\\/franchise\\\/?s={search_term_string}\"},\"query-input\":{\"@type\":\"PropertyValueSpecification\",\"valueRequired\":true,\"valueName\":\"search_term_string\"}}],\"inLanguage\":\"fr-FR\"}]}<\/script>\n<!-- \/ Yoast SEO plugin. -->","yoast_head_json":{"title":"Comment ouvrir une franchise : les \u00e9tapes cl\u00e9s - DOMetVIE","robots":{"index":"index","follow":"follow","max-snippet":"max-snippet:-1","max-image-preview":"max-image-preview:large","max-video-preview":"max-video-preview:-1"},"canonical":"https:\/\/www.dometvie.fr\/franchise\/comment-ouvrir-une-franchise\/","og_locale":"fr_FR","og_type":"article","og_title":"Comment ouvrir une franchise : les \u00e9tapes cl\u00e9s - DOMetVIE","og_description":"Vous songez \u00e0 l\u2019ouverture d\u2019une franchise ? Il s\u2019agit bien souvent d\u2019une exp\u00e9rience enrichissante, qui vous permet d\u2019entreprendre tout en b\u00e9n\u00e9ficiant d\u2019un soutien privil\u00e9gi\u00e9, de l\u2019expertise et de la r\u00e9putation [&hellip;]","og_url":"https:\/\/www.dometvie.fr\/franchise\/comment-ouvrir-une-franchise\/","og_site_name":"DOMetVIE","article_modified_time":"2024-06-15T13:51:13+00:00","twitter_card":"summary_large_image","twitter_misc":{"Dur\u00e9e de lecture estim\u00e9e":"6 minutes"},"schema":{"@context":"https:\/\/schema.org","@graph":[{"@type":"WebPage","@id":"https:\/\/www.dometvie.fr\/franchise\/comment-ouvrir-une-franchise\/","url":"https:\/\/www.dometvie.fr\/franchise\/comment-ouvrir-une-franchise\/","name":"Comment ouvrir une franchise : les \u00e9tapes cl\u00e9s - DOMetVIE","isPartOf":{"@id":"https:\/\/www.dometvie.fr\/franchise\/#website"},"datePublished":"2024-06-03T13:26:53+00:00","dateModified":"2024-06-15T13:51:13+00:00","breadcrumb":{"@id":"https:\/\/www.dometvie.fr\/franchise\/comment-ouvrir-une-franchise\/#breadcrumb"},"inLanguage":"fr-FR","potentialAction":[{"@type":"ReadAction","target":["https:\/\/www.dometvie.fr\/franchise\/comment-ouvrir-une-franchise\/"]}]},{"@type":"BreadcrumbList","@id":"https:\/\/www.dometvie.fr\/franchise\/comment-ouvrir-une-franchise\/#breadcrumb","itemListElement":[{"@type":"ListItem","position":1,"name":"Accueil","item":"https:\/\/www.dometvie.fr\/franchise\/"},{"@type":"ListItem","position":2,"name":"Franchise DOMetVIE : la franchise sp\u00e9cialiste de l\u2019adaptation du domicile","item":"https:\/\/www.dometvie.fr\/franchise\/franchise-dometvie\/"},{"@type":"ListItem","position":3,"name":"Devenir franchis\u00e9 : comment ouvrir une franchise en 2024","item":"https:\/\/www.dometvie.fr\/franchise\/ouvrir-une-franchise\/"},{"@type":"ListItem","position":4,"name":"Comment ouvrir une franchise : les \u00e9tapes cl\u00e9s"}]},{"@type":"WebSite","@id":"https:\/\/www.dometvie.fr\/franchise\/#website","url":"https:\/\/www.dometvie.fr\/franchise\/","name":"DOMetVIE","description":"Donnez du sens \u00e0 votre m\u00e9tier !","potentialAction":[{"@type":"SearchAction","target":{"@type":"EntryPoint","urlTemplate":"https:\/\/www.dometvie.fr\/franchise\/?s={search_term_string}"},"query-input":{"@type":"PropertyValueSpecification","valueRequired":true,"valueName":"search_term_string"}}],"inLanguage":"fr-FR"}]}},"_links":{"self":[{"href":"https:\/\/www.dometvie.fr\/franchise\/wp-json\/wp\/v2\/pages\/1205","targetHints":{"allow":["GET"]}}],"collection":[{"href":"https:\/\/www.dometvie.fr\/franchise\/wp-json\/wp\/v2\/pages"}],"about":[{"href":"https:\/\/www.dometvie.fr\/franchise\/wp-json\/wp\/v2\/types\/page"}],"author":[{"embeddable":true,"href":"https:\/\/www.dometvie.fr\/franchise\/wp-json\/wp\/v2\/users\/1"}],"replies":[{"embeddable":true,"href":"https:\/\/www.dometvie.fr\/franchise\/wp-json\/wp\/v2\/comments?post=1205"}],"version-history":[{"count":2,"href":"https:\/\/www.dometvie.fr\/franchise\/wp-json\/wp\/v2\/pages\/1205\/revisions"}],"predecessor-version":[{"id":1476,"href":"https:\/\/www.dometvie.fr\/franchise\/wp-json\/wp\/v2\/pages\/1205\/revisions\/1476"}],"up":[{"embeddable":true,"href":"https:\/\/www.dometvie.fr\/franchise\/wp-json\/wp\/v2\/pages\/1193"}],"wp:attachment":[{"href":"https:\/\/www.dometvie.fr\/franchise\/wp-json\/wp\/v2\/media?parent=1205"}],"curies":[{"name":"wp","href":"https:\/\/api.w.org\/{rel}","templated":true}]}}