{"id":1217,"date":"2024-06-03T15:28:55","date_gmt":"2024-06-03T13:28:55","guid":{"rendered":"https:\/\/www.dometvie.fr\/franchise\/?page_id=1217"},"modified":"2024-06-15T12:56:01","modified_gmt":"2024-06-15T10:56:01","slug":"quelle-franchise-ouvrir-en-2024","status":"publish","type":"page","link":"https:\/\/www.dometvie.fr\/franchise\/quelle-franchise-ouvrir-en-2024\/","title":{"rendered":"Quelle franchise ouvrir en 2024 : secteurs porteurs et crit\u00e8res de s\u00e9lection"},"content":{"rendered":"\n<p>Il existe un nombre \u00e9lev\u00e9 de franchises, et il n\u2019est pas toujours facile de savoir quelle franchise ouvrir si cette exp\u00e9rience vous int\u00e9resse. Toutefois, ce choix s\u2019av\u00e8re essentiel pour vous <a href=\"https:\/\/www.dometvie.fr\/franchise\/franchises-les-plus-rentables\/\">garantir un investissement rentable<\/a>, et assurer la p\u00e9rennit\u00e9 de votre entreprise. D\u00e9couvrez quels sont les secteurs \u00e9mergents ou en croissance cette ann\u00e9e, ainsi que les crit\u00e8res de s\u00e9lection \u00e0 prendre en compte pour savoir quelle franchise ouvrir en 2024.\u00a0<\/p>\n\n\n\n<h2 class=\"wp-block-heading\">Qu\u2019est-ce qu\u2019une franchise rentable ?<\/h2>\n\n\n\n<p>Avant toute chose, revenons sur la question de la rentabilit\u00e9 d\u2019une franchise. Pour qu\u2019une franchise soit rentable, elle doit permettre au franchis\u00e9 de d\u00e9gager un revenu de son exploitation. C&rsquo;est-\u00e0-dire qu\u2019il doit lui rester un b\u00e9n\u00e9fice apr\u00e8s le r\u00e8glement des charges et des dettes de l\u2019entreprise. Une franchise rentable pr\u00e9sente \u00e9galement un retour sur investissement \u00e0 un taux positif, qu\u2019il soit lent ou rapide. Ce sont des \u00e9l\u00e9ments d\u00e9terminants \u00e0 prendre en compte pour le choix d\u2019une franchise.<\/p>\n\n\n\n<p class=\"has-white-color has-text-color has-background has-link-color wp-elements-089fc7fd48c949fba6451c28472b0997\" style=\"background-color:#088b99\">Cette rentabilit\u00e9 repose sur trois crit\u00e8res principaux, \u00e0 savoir le potentiel du secteur d\u2019activit\u00e9 au sein duquel \u00e9volue la franchise, la notori\u00e9t\u00e9 de la franchise, mais aussi la qualit\u00e9 de l&rsquo;accompagnement propos\u00e9 aux franchis\u00e9s (que vous pourrez notamment \u00e9valuer en vous renseignant concernant le taux de turn-over pr\u00e9sent dans le r\u00e9seau).<\/p>\n\n\n\n<p>Au-del\u00e0 de ces \u00e9l\u00e9ments, pour savoir quelle franchise ouvrir en 2024, assurez-vous de choisir une franchise dont le concept vous motive et vous int\u00e9resse, dont vous acceptez le fonctionnement, et pour laquelle vous disposez des comp\u00e9tences n\u00e9cessaires.<\/p>\n\n\n\n<h2 class=\"wp-block-heading\">Les secteurs en croissance<\/h2>\n\n\n\n<p>Vous l\u2019aurez compris, le secteur joue un r\u00f4le important dans la r\u00e9ussite d\u2019une franchise. Vous devrez donc \u00e9tudier de pr\u00e8s les secteurs les plus porteurs du moment, parmi les suivants :&nbsp;<\/p>\n\n\n\n<h3 class=\"wp-block-heading\">Technologie et t\u00e9l\u00e9communications \ud83e\uddd1\u200d\ud83d\udcbb<\/h3>\n\n\n\n<p>Le domaine de la technologie continue d&rsquo;\u00e9voluer rapidement, d\u2019o\u00f9 la naissance d\u2019opportunit\u00e9s importantes dans des secteurs de la cybers\u00e9curit\u00e9, la t\u00e9l\u00e9phonie mobile et de l&rsquo;Internet des objets (IoT). Avec le d\u00e9veloppement de l\u2019intelligence artificielle et la hausse des risques de cybers\u00e9curit\u00e9, c\u2019est un secteur qui devrait rester porteur dans les ann\u00e9es \u00e0 venir.<\/p>\n\n\n\n<h3 class=\"wp-block-heading\">Secteur du b\u00e2timent \ud83d\udea7<\/h3>\n\n\n\n<p>Les nouvelles r\u00e9glementations \u00e9nerg\u00e9tiques et les besoins d\u2019adaptation des logements en r\u00e9ponse au vieillissement de la population g\u00e9n\u00e8rent une forte croissance pour le secteur du b\u00e2timent. Si vous disposez des comp\u00e9tences n\u00e9cessaires et si ces probl\u00e9matiques vous int\u00e9ressent, commencez votre recherche par les franchises qui \u00e9voluent dans ce secteur.<\/p>\n\n\n\n<h3 class=\"wp-block-heading\">Services \u00e0 la personne \ud83e\uddd3<\/h3>\n\n\n\n<p>L\u00e0 encore, le vieillissement de la population augmente la port\u00e9e du secteur des services \u00e0 la personne. De nombreuses entreprises \u00e9voluent dans ce secteur, proposant des services d\u2019aide \u00e0 domicile comme l\u2019assistance dans les t\u00e2ches quotidiennes, la garde d\u2019enfants, ou encore l\u2019aide \u00e0 la mobilit\u00e9.<\/p>\n\n\n\n<h3 class=\"wp-block-heading\">Sant\u00e9 et bien-\u00eatre \ud83e\uddd1\u200d\u2695\ufe0f<\/h3>\n\n\n\n<p>La demande croissante pour les services de sant\u00e9 personnalis\u00e9s et pr\u00e9ventifs augmente l\u2019attrait des franchises sp\u00e9cialis\u00e9es dans les soins \u00e0 domicile, les cliniques de physioth\u00e9rapie, la t\u00e9l\u00e9m\u00e9decine et les centres de bien-\u00eatre. Les franchises de sant\u00e9 mentale et de coaching de vie connaissent \u00e9galement une popularit\u00e9 croissante.<\/p>\n\n\n\n<h3 class=\"wp-block-heading\">\u00c9ducation et formation continue \ud83e\uddd1\u200d\ud83c\udfeb<\/h3>\n\n\n\n<p>De plus en plus de personnes font le choix d\u2019investir dans leur \u00e9ducation. Les franchises sp\u00e9cialis\u00e9es dans les programmes parascolaires, les centres d&rsquo;apprentissage, les cours particuliers et les services de tutorat peuvent s\u2019av\u00e9rer \u00eatre des choix prometteurs.<\/p>\n\n\n\n<h3 class=\"wp-block-heading\">L\u2019\u00e9cologie \u267b\ufe0f<\/h3>\n\n\n\n<p>De nos jours, l\u2019\u00e9cologie devient un domaine essentiel, qui nous concerne tous. Les pr\u00e9occupations environnementales croissantes stimulent la demande pour des franchises proposant des solutions \u00e9cologiques, qu\u2019il s\u2019agisse de services de nettoyage \u00e9cologique, de gestion des d\u00e9chets, ou encore de franchises ax\u00e9es sur des sources d\u2019\u00e9nergie propres telle que l&rsquo;\u00e9nergie solaire.<\/p>\n\n\n\n<h3 class=\"wp-block-heading\">Loisirs et divertissements \ud83c\udfa1<\/h3>\n\n\n\n<p>Les franchises du secteur des loisirs et divertissements restent attractives en 2024. Les consommateurs sont en qu\u00eate de nouvelles exp\u00e9riences de divertissement, ce qui se traduit par des opportunit\u00e9s int\u00e9ressantes pour les entrepreneurs.<\/p>\n\n\n\n<h3 class=\"wp-block-heading\">Restauration alternative \ud83c\udf4e<\/h3>\n\n\n\n<p>Les habitudes alimentaires \u00e9voluent, et de plus en plus de personnes font le choix de se tourner vers une alimentation saine et vers des options durables. C\u2019est une aubaine pour les franchises sp\u00e9cialis\u00e9es dans ce type de services. Les franchises qui proposent des repas \u00e0 base de plantes, des plats v\u00e9g\u00e9tariens ainsi que des aliments bio et naturels sont tr\u00e8s populaires.<\/p>\n\n\n\n<h2 class=\"wp-block-heading\">Comment choisir sa franchise ?<\/h2>\n\n\n\n<p>Vous connaissez maintenant les secteurs les plus porteurs en 2024. Il existe cependant d\u2019autres crit\u00e8res \u00e0 prendre en compte afin de choisir quelle franchise ouvrir cette ann\u00e9e, parmi les suivants :<\/p>\n\n\n\n<ul class=\"wp-block-list\">\n<li><strong>Notori\u00e9t\u00e9 de la marque :<\/strong> Choisissez une franchise qui repose une marque \u00e9tablie qui dispose d\u2019une bonne r\u00e9putation, afin de fid\u00e9liser vos clients.<\/li>\n\n\n\n<li><strong>Soutien du franchiseur :<\/strong> Assurez-vous que le franchiseur offre une formation et un soutien continu pour vous aider \u00e0 profiter d\u2019une exp\u00e9rience r\u00e9ussie.<\/li>\n\n\n\n<li><strong>Mod\u00e8le \u00e9conomique :<\/strong> Examinez le mod\u00e8le \u00e9conomique de la franchise. Vous devrez notamment prendre en compte les co\u00fbts d&rsquo;exploitation, les redevances et le potentiel de revenus que vous pourrez g\u00e9n\u00e9rer pour vous assurer qu\u2019il s\u2019agit d\u2019une entreprise rentable.<\/li>\n\n\n\n<li><strong>Demande du march\u00e9 :<\/strong> \u00c9tudiez la demande pour les produits ou pour les services propos\u00e9s par la franchise dans votre r\u00e9gion. Une forte demande locale peut augmenter vos chances de succ\u00e8s.<\/li>\n\n\n\n<li><strong>Tendances et innovations :<\/strong> Faites le choix de franchises qui s&rsquo;alignent sur les tendances actuelles du march\u00e9 et qui proposent des innovations pertinentes et de qualit\u00e9.<\/li>\n\n\n\n<li><strong>Culture d&rsquo;entreprise :<\/strong> Enfin, assurez-vous que la culture de la franchise correspond \u00e0 vos propres valeurs et \u00e0 votre vision de l&rsquo;entreprise, de mani\u00e8re \u00e0 maintenir votre motivation et votre r\u00e9ussite sur le long terme.<\/li>\n<\/ul>\n\n\n\n<h2 class=\"wp-block-heading\">Choisir la franchise DOMetVIE<\/h2>\n\n\n\n<p>Si vous souhaitez \u00e9voluer dans un secteur qui conna\u00eet un taux de croissance \u00e0 deux chiffres en 2024, faites le choix de la franchise DOMetVIE. Reconnue pour la qualit\u00e9 de ses services et pour son engagement envers le bien-\u00eatre de ses clients, la franchise DOMetVIE permet aux entrepreneurs d\u2019exercer une activit\u00e9 utile tout en d\u00e9veloppant une entreprise rentable dans un secteur en croissance constante.&nbsp;<\/p>\n\n\n\n<p>Sp\u00e9cialiste de l&rsquo;adaptation de l\u2019habitat aux besoins des personnes \u00e0 mobilit\u00e9 r\u00e9duite, DOMetVIE propose un soutien complet \u00e0 ses franchis\u00e9s et se distingue par ses valeurs humaines et sa capacit\u00e9 \u00e0 s\u2019adapter aux besoins sp\u00e9cifiques de chaque client. Le r\u00e9seau DOMetVIE compte aujourd\u2019hui plus de 50 franchis\u00e9s.<\/p>\n\n\n\n<div class=\"wp-block-buttons is-content-justification-center is-layout-flex wp-container-core-buttons-is-layout-16018d1d wp-block-buttons-is-layout-flex\">\n<div class=\"wp-block-button\"><a class=\"wp-block-button__link wp-element-button\" href=\"https:\/\/www.dometvie.fr\/franchise\/dometvie\/notre-offre-produits-et-services\/\">D\u00e9couvrez la franchise DOMetVIE plus en d\u00e9tail<\/a><\/div>\n<\/div>\n\n\n\n<h3 class=\"wp-block-heading\">DOMetVIE en toute franchise <\/h3>\n\n\n\n<div class=\"wp-block-columns alignfull has-text-color has-background is-layout-flex wp-container-core-columns-is-layout-9d6595d7 wp-block-columns-is-layout-flex\" style=\"color:#000000;background-color:#ffffff\">\n<div class=\"wp-block-column is-layout-flow wp-block-column-is-layout-flow\">\n<h4 class=\"wp-block-heading has-text-align-center\" style=\"font-size:24px;line-height:1.3\"><strong><a href=\"https:\/\/www.dometvie.fr\/franchise\/franchise-qui-marche\/\">Franchise qui marche \u2197<\/a><\/strong><\/h4>\n<\/div>\n\n\n\n<div class=\"wp-block-column is-layout-flow wp-block-column-is-layout-flow\">\n<h4 class=\"wp-block-heading has-text-align-center\" style=\"font-size:24px;line-height:1.3\"><strong><a href=\"https:\/\/www.dometvie.fr\/franchise\/franchise-services-a-la-personne\/\">Franchise services \u00e0 la personne \u2197<\/a><\/strong><\/h4>\n<\/div>\n\n\n\n<div class=\"wp-block-column is-layout-flow wp-block-column-is-layout-flow\">\n<h4 class=\"wp-block-heading has-text-align-center\" style=\"font-size:24px;line-height:1.3\"><strong><a href=\"https:\/\/www.dometvie.fr\/franchise\/franchise-dans-le-batiment\/\">Franchise dans le b\u00e2timent \u2197<\/a><\/strong><\/h4>\n<\/div>\n\n\n\n<div class=\"wp-block-column is-layout-flow wp-block-column-is-layout-flow\">\n<h4 class=\"wp-block-heading has-text-align-center\" style=\"font-size:24px;line-height:1.3\"><strong><a href=\"https:\/\/www.dometvie.fr\/franchise\/franchise-senior\/\">Franchise senior \u2197<\/a><\/strong><\/h4>\n<\/div>\n<\/div>\n","protected":false},"excerpt":{"rendered":"<p>Il existe un nombre \u00e9lev\u00e9 de franchises, et il n\u2019est pas toujours facile de savoir quelle franchise ouvrir si cette exp\u00e9rience vous int\u00e9resse. Toutefois, ce choix s\u2019av\u00e8re essentiel pour vous [&hellip;]<\/p>\n","protected":false},"author":1,"featured_media":0,"parent":1193,"menu_order":0,"comment_status":"closed","ping_status":"closed","template":"","meta":{"footnotes":""},"class_list":["post-1217","page","type-page","status-publish","hentry"],"acf":[],"yoast_head":"<!-- This site is optimized with the Yoast SEO plugin v27.4 - https:\/\/yoast.com\/product\/yoast-seo-wordpress\/ -->\n<title>Quelle franchise ouvrir en 2024 : secteurs porteurs et crit\u00e8res de s\u00e9lection - DOMetVIE<\/title>\n<meta name=\"robots\" content=\"index, follow, max-snippet:-1, max-image-preview:large, max-video-preview:-1\" \/>\n<link rel=\"canonical\" href=\"https:\/\/www.dometvie.fr\/franchise\/quelle-franchise-ouvrir-en-2024\/\" \/>\n<meta property=\"og:locale\" content=\"fr_FR\" \/>\n<meta property=\"og:type\" content=\"article\" \/>\n<meta property=\"og:title\" content=\"Quelle franchise ouvrir en 2024 : secteurs porteurs et crit\u00e8res de s\u00e9lection - DOMetVIE\" \/>\n<meta property=\"og:description\" content=\"Il existe un nombre \u00e9lev\u00e9 de franchises, et il n\u2019est pas toujours facile de savoir quelle franchise ouvrir si cette exp\u00e9rience vous int\u00e9resse. Toutefois, ce choix s\u2019av\u00e8re essentiel pour vous [&hellip;]\" \/>\n<meta property=\"og:url\" content=\"https:\/\/www.dometvie.fr\/franchise\/quelle-franchise-ouvrir-en-2024\/\" \/>\n<meta property=\"og:site_name\" content=\"DOMetVIE\" \/>\n<meta property=\"article:modified_time\" content=\"2024-06-15T10:56:01+00:00\" \/>\n<meta name=\"twitter:card\" content=\"summary_large_image\" \/>\n<meta name=\"twitter:label1\" content=\"Dur\u00e9e de lecture estim\u00e9e\" \/>\n\t<meta name=\"twitter:data1\" content=\"6 minutes\" \/>\n<script type=\"application\/ld+json\" class=\"yoast-schema-graph\">{\"@context\":\"https:\\\/\\\/schema.org\",\"@graph\":[{\"@type\":\"WebPage\",\"@id\":\"https:\\\/\\\/www.dometvie.fr\\\/franchise\\\/quelle-franchise-ouvrir-en-2024\\\/\",\"url\":\"https:\\\/\\\/www.dometvie.fr\\\/franchise\\\/quelle-franchise-ouvrir-en-2024\\\/\",\"name\":\"Quelle franchise ouvrir en 2024 : secteurs porteurs et crit\u00e8res de s\u00e9lection - DOMetVIE\",\"isPartOf\":{\"@id\":\"https:\\\/\\\/www.dometvie.fr\\\/franchise\\\/#website\"},\"datePublished\":\"2024-06-03T13:28:55+00:00\",\"dateModified\":\"2024-06-15T10:56:01+00:00\",\"breadcrumb\":{\"@id\":\"https:\\\/\\\/www.dometvie.fr\\\/franchise\\\/quelle-franchise-ouvrir-en-2024\\\/#breadcrumb\"},\"inLanguage\":\"fr-FR\",\"potentialAction\":[{\"@type\":\"ReadAction\",\"target\":[\"https:\\\/\\\/www.dometvie.fr\\\/franchise\\\/quelle-franchise-ouvrir-en-2024\\\/\"]}]},{\"@type\":\"BreadcrumbList\",\"@id\":\"https:\\\/\\\/www.dometvie.fr\\\/franchise\\\/quelle-franchise-ouvrir-en-2024\\\/#breadcrumb\",\"itemListElement\":[{\"@type\":\"ListItem\",\"position\":1,\"name\":\"Accueil\",\"item\":\"https:\\\/\\\/www.dometvie.fr\\\/franchise\\\/\"},{\"@type\":\"ListItem\",\"position\":2,\"name\":\"Franchise DOMetVIE : la franchise sp\u00e9cialiste de l\u2019adaptation du domicile\",\"item\":\"https:\\\/\\\/www.dometvie.fr\\\/franchise\\\/franchise-dometvie\\\/\"},{\"@type\":\"ListItem\",\"position\":3,\"name\":\"Devenir franchis\u00e9 : comment ouvrir une franchise en 2024\",\"item\":\"https:\\\/\\\/www.dometvie.fr\\\/franchise\\\/ouvrir-une-franchise\\\/\"},{\"@type\":\"ListItem\",\"position\":4,\"name\":\"Quelle franchise ouvrir en 2024 : secteurs porteurs et crit\u00e8res de s\u00e9lection\"}]},{\"@type\":\"WebSite\",\"@id\":\"https:\\\/\\\/www.dometvie.fr\\\/franchise\\\/#website\",\"url\":\"https:\\\/\\\/www.dometvie.fr\\\/franchise\\\/\",\"name\":\"DOMetVIE\",\"description\":\"Donnez du sens \u00e0 votre m\u00e9tier !\",\"potentialAction\":[{\"@type\":\"SearchAction\",\"target\":{\"@type\":\"EntryPoint\",\"urlTemplate\":\"https:\\\/\\\/www.dometvie.fr\\\/franchise\\\/?s={search_term_string}\"},\"query-input\":{\"@type\":\"PropertyValueSpecification\",\"valueRequired\":true,\"valueName\":\"search_term_string\"}}],\"inLanguage\":\"fr-FR\"}]}<\/script>\n<!-- \/ Yoast SEO plugin. -->","yoast_head_json":{"title":"Quelle franchise ouvrir en 2024 : secteurs porteurs et crit\u00e8res de s\u00e9lection - DOMetVIE","robots":{"index":"index","follow":"follow","max-snippet":"max-snippet:-1","max-image-preview":"max-image-preview:large","max-video-preview":"max-video-preview:-1"},"canonical":"https:\/\/www.dometvie.fr\/franchise\/quelle-franchise-ouvrir-en-2024\/","og_locale":"fr_FR","og_type":"article","og_title":"Quelle franchise ouvrir en 2024 : secteurs porteurs et crit\u00e8res de s\u00e9lection - DOMetVIE","og_description":"Il existe un nombre \u00e9lev\u00e9 de franchises, et il n\u2019est pas toujours facile de savoir quelle franchise ouvrir si cette exp\u00e9rience vous int\u00e9resse. Toutefois, ce choix s\u2019av\u00e8re essentiel pour vous [&hellip;]","og_url":"https:\/\/www.dometvie.fr\/franchise\/quelle-franchise-ouvrir-en-2024\/","og_site_name":"DOMetVIE","article_modified_time":"2024-06-15T10:56:01+00:00","twitter_card":"summary_large_image","twitter_misc":{"Dur\u00e9e de lecture estim\u00e9e":"6 minutes"},"schema":{"@context":"https:\/\/schema.org","@graph":[{"@type":"WebPage","@id":"https:\/\/www.dometvie.fr\/franchise\/quelle-franchise-ouvrir-en-2024\/","url":"https:\/\/www.dometvie.fr\/franchise\/quelle-franchise-ouvrir-en-2024\/","name":"Quelle franchise ouvrir en 2024 : secteurs porteurs et crit\u00e8res de s\u00e9lection - DOMetVIE","isPartOf":{"@id":"https:\/\/www.dometvie.fr\/franchise\/#website"},"datePublished":"2024-06-03T13:28:55+00:00","dateModified":"2024-06-15T10:56:01+00:00","breadcrumb":{"@id":"https:\/\/www.dometvie.fr\/franchise\/quelle-franchise-ouvrir-en-2024\/#breadcrumb"},"inLanguage":"fr-FR","potentialAction":[{"@type":"ReadAction","target":["https:\/\/www.dometvie.fr\/franchise\/quelle-franchise-ouvrir-en-2024\/"]}]},{"@type":"BreadcrumbList","@id":"https:\/\/www.dometvie.fr\/franchise\/quelle-franchise-ouvrir-en-2024\/#breadcrumb","itemListElement":[{"@type":"ListItem","position":1,"name":"Accueil","item":"https:\/\/www.dometvie.fr\/franchise\/"},{"@type":"ListItem","position":2,"name":"Franchise DOMetVIE : la franchise sp\u00e9cialiste de l\u2019adaptation du domicile","item":"https:\/\/www.dometvie.fr\/franchise\/franchise-dometvie\/"},{"@type":"ListItem","position":3,"name":"Devenir franchis\u00e9 : comment ouvrir une franchise en 2024","item":"https:\/\/www.dometvie.fr\/franchise\/ouvrir-une-franchise\/"},{"@type":"ListItem","position":4,"name":"Quelle franchise ouvrir en 2024 : secteurs porteurs et crit\u00e8res de s\u00e9lection"}]},{"@type":"WebSite","@id":"https:\/\/www.dometvie.fr\/franchise\/#website","url":"https:\/\/www.dometvie.fr\/franchise\/","name":"DOMetVIE","description":"Donnez du sens \u00e0 votre m\u00e9tier !","potentialAction":[{"@type":"SearchAction","target":{"@type":"EntryPoint","urlTemplate":"https:\/\/www.dometvie.fr\/franchise\/?s={search_term_string}"},"query-input":{"@type":"PropertyValueSpecification","valueRequired":true,"valueName":"search_term_string"}}],"inLanguage":"fr-FR"}]}},"_links":{"self":[{"href":"https:\/\/www.dometvie.fr\/franchise\/wp-json\/wp\/v2\/pages\/1217","targetHints":{"allow":["GET"]}}],"collection":[{"href":"https:\/\/www.dometvie.fr\/franchise\/wp-json\/wp\/v2\/pages"}],"about":[{"href":"https:\/\/www.dometvie.fr\/franchise\/wp-json\/wp\/v2\/types\/page"}],"author":[{"embeddable":true,"href":"https:\/\/www.dometvie.fr\/franchise\/wp-json\/wp\/v2\/users\/1"}],"replies":[{"embeddable":true,"href":"https:\/\/www.dometvie.fr\/franchise\/wp-json\/wp\/v2\/comments?post=1217"}],"version-history":[{"count":4,"href":"https:\/\/www.dometvie.fr\/franchise\/wp-json\/wp\/v2\/pages\/1217\/revisions"}],"predecessor-version":[{"id":1412,"href":"https:\/\/www.dometvie.fr\/franchise\/wp-json\/wp\/v2\/pages\/1217\/revisions\/1412"}],"up":[{"embeddable":true,"href":"https:\/\/www.dometvie.fr\/franchise\/wp-json\/wp\/v2\/pages\/1193"}],"wp:attachment":[{"href":"https:\/\/www.dometvie.fr\/franchise\/wp-json\/wp\/v2\/media?parent=1217"}],"curies":[{"name":"wp","href":"https:\/\/api.w.org\/{rel}","templated":true}]}}