{"id":433,"date":"2023-02-22T09:28:34","date_gmt":"2023-02-22T08:28:34","guid":{"rendered":"http:\/\/localhost\/dom-et-vie-btob\/?page_id=433"},"modified":"2026-01-08T10:33:10","modified_gmt":"2026-01-08T09:33:10","slug":"notre-offre-produits-et-services","status":"publish","type":"page","link":"https:\/\/www.dometvie.fr\/franchise\/dometvie\/notre-offre-produits-et-services\/","title":{"rendered":"Notre offre produits et services"},"content":{"rendered":"","protected":false},"excerpt":{"rendered":"","protected":false},"author":1,"featured_media":0,"parent":258,"menu_order":0,"comment_status":"closed","ping_status":"closed","template":"notre-offre.php","meta":{"footnotes":""},"class_list":["post-433","page","type-page","status-publish","hentry"],"acf":[],"yoast_head":"<!-- This site is optimized with the Yoast SEO plugin v27.4 - https:\/\/yoast.com\/product\/yoast-seo-wordpress\/ -->\n<title>Les prestations de la franchise DOMetVIE<\/title>\n<meta name=\"description\" content=\"DOM et VIE est une franchise de prestation pour am\u00e9nagement pour PMR et S\u00e9nior pour favoriser le maintien \u00e0 domicile.\" \/>\n<meta name=\"robots\" content=\"index, follow, max-snippet:-1, max-image-preview:large, max-video-preview:-1\" \/>\n<link rel=\"canonical\" href=\"https:\/\/www.dometvie.fr\/franchise\/dometvie\/notre-offre-produits-et-services\/\" \/>\n<meta property=\"og:locale\" content=\"fr_FR\" \/>\n<meta property=\"og:type\" content=\"article\" \/>\n<meta property=\"og:title\" content=\"Les prestations de la franchise DOMetVIE\" \/>\n<meta property=\"og:description\" content=\"DOM et VIE est une franchise de prestation pour am\u00e9nagement pour PMR et S\u00e9nior pour favoriser le maintien \u00e0 domicile.\" \/>\n<meta property=\"og:url\" content=\"https:\/\/www.dometvie.fr\/franchise\/dometvie\/notre-offre-produits-et-services\/\" \/>\n<meta property=\"og:site_name\" content=\"DOMetVIE\" \/>\n<meta property=\"article:modified_time\" content=\"2026-01-08T09:33:10+00:00\" \/>\n<meta name=\"twitter:card\" content=\"summary_large_image\" \/>\n<script type=\"application\/ld+json\" class=\"yoast-schema-graph\">{\"@context\":\"https:\\\/\\\/schema.org\",\"@graph\":[{\"@type\":\"WebPage\",\"@id\":\"https:\\\/\\\/www.dometvie.fr\\\/franchise\\\/dometvie\\\/notre-offre-produits-et-services\\\/\",\"url\":\"https:\\\/\\\/www.dometvie.fr\\\/franchise\\\/dometvie\\\/notre-offre-produits-et-services\\\/\",\"name\":\"Les prestations de la franchise DOMetVIE\",\"isPartOf\":{\"@id\":\"https:\\\/\\\/www.dometvie.fr\\\/franchise\\\/#website\"},\"datePublished\":\"2023-02-22T08:28:34+00:00\",\"dateModified\":\"2026-01-08T09:33:10+00:00\",\"description\":\"DOM et VIE est une franchise de prestation pour am\u00e9nagement pour PMR et S\u00e9nior pour favoriser le maintien \u00e0 domicile.\",\"breadcrumb\":{\"@id\":\"https:\\\/\\\/www.dometvie.fr\\\/franchise\\\/dometvie\\\/notre-offre-produits-et-services\\\/#breadcrumb\"},\"inLanguage\":\"fr-FR\",\"potentialAction\":[{\"@type\":\"ReadAction\",\"target\":[\"https:\\\/\\\/www.dometvie.fr\\\/franchise\\\/dometvie\\\/notre-offre-produits-et-services\\\/\"]}]},{\"@type\":\"BreadcrumbList\",\"@id\":\"https:\\\/\\\/www.dometvie.fr\\\/franchise\\\/dometvie\\\/notre-offre-produits-et-services\\\/#breadcrumb\",\"itemListElement\":[{\"@type\":\"ListItem\",\"position\":1,\"name\":\"Accueil\",\"item\":\"https:\\\/\\\/www.dometvie.fr\\\/franchise\\\/\"},{\"@type\":\"ListItem\",\"position\":2,\"name\":\"DOMetVIE\",\"item\":\"https:\\\/\\\/www.dometvie.fr\\\/franchise\\\/dometvie\\\/\"},{\"@type\":\"ListItem\",\"position\":3,\"name\":\"Notre offre produits et services\"}]},{\"@type\":\"WebSite\",\"@id\":\"https:\\\/\\\/www.dometvie.fr\\\/franchise\\\/#website\",\"url\":\"https:\\\/\\\/www.dometvie.fr\\\/franchise\\\/\",\"name\":\"DOMetVIE\",\"description\":\"Donnez du sens \u00e0 votre m\u00e9tier !\",\"potentialAction\":[{\"@type\":\"SearchAction\",\"target\":{\"@type\":\"EntryPoint\",\"urlTemplate\":\"https:\\\/\\\/www.dometvie.fr\\\/franchise\\\/?s={search_term_string}\"},\"query-input\":{\"@type\":\"PropertyValueSpecification\",\"valueRequired\":true,\"valueName\":\"search_term_string\"}}],\"inLanguage\":\"fr-FR\"}]}<\/script>\n<!-- \/ Yoast SEO plugin. -->","yoast_head_json":{"title":"Les prestations de la franchise DOMetVIE","description":"DOM et VIE est une franchise de prestation pour am\u00e9nagement pour PMR et S\u00e9nior pour favoriser le maintien \u00e0 domicile.","robots":{"index":"index","follow":"follow","max-snippet":"max-snippet:-1","max-image-preview":"max-image-preview:large","max-video-preview":"max-video-preview:-1"},"canonical":"https:\/\/www.dometvie.fr\/franchise\/dometvie\/notre-offre-produits-et-services\/","og_locale":"fr_FR","og_type":"article","og_title":"Les prestations de la franchise DOMetVIE","og_description":"DOM et VIE est une franchise de prestation pour am\u00e9nagement pour PMR et S\u00e9nior pour favoriser le maintien \u00e0 domicile.","og_url":"https:\/\/www.dometvie.fr\/franchise\/dometvie\/notre-offre-produits-et-services\/","og_site_name":"DOMetVIE","article_modified_time":"2026-01-08T09:33:10+00:00","twitter_card":"summary_large_image","schema":{"@context":"https:\/\/schema.org","@graph":[{"@type":"WebPage","@id":"https:\/\/www.dometvie.fr\/franchise\/dometvie\/notre-offre-produits-et-services\/","url":"https:\/\/www.dometvie.fr\/franchise\/dometvie\/notre-offre-produits-et-services\/","name":"Les prestations de la franchise DOMetVIE","isPartOf":{"@id":"https:\/\/www.dometvie.fr\/franchise\/#website"},"datePublished":"2023-02-22T08:28:34+00:00","dateModified":"2026-01-08T09:33:10+00:00","description":"DOM et VIE est une franchise de prestation pour am\u00e9nagement pour PMR et S\u00e9nior pour favoriser le maintien \u00e0 domicile.","breadcrumb":{"@id":"https:\/\/www.dometvie.fr\/franchise\/dometvie\/notre-offre-produits-et-services\/#breadcrumb"},"inLanguage":"fr-FR","potentialAction":[{"@type":"ReadAction","target":["https:\/\/www.dometvie.fr\/franchise\/dometvie\/notre-offre-produits-et-services\/"]}]},{"@type":"BreadcrumbList","@id":"https:\/\/www.dometvie.fr\/franchise\/dometvie\/notre-offre-produits-et-services\/#breadcrumb","itemListElement":[{"@type":"ListItem","position":1,"name":"Accueil","item":"https:\/\/www.dometvie.fr\/franchise\/"},{"@type":"ListItem","position":2,"name":"DOMetVIE","item":"https:\/\/www.dometvie.fr\/franchise\/dometvie\/"},{"@type":"ListItem","position":3,"name":"Notre offre produits et services"}]},{"@type":"WebSite","@id":"https:\/\/www.dometvie.fr\/franchise\/#website","url":"https:\/\/www.dometvie.fr\/franchise\/","name":"DOMetVIE","description":"Donnez du sens \u00e0 votre m\u00e9tier !","potentialAction":[{"@type":"SearchAction","target":{"@type":"EntryPoint","urlTemplate":"https:\/\/www.dometvie.fr\/franchise\/?s={search_term_string}"},"query-input":{"@type":"PropertyValueSpecification","valueRequired":true,"valueName":"search_term_string"}}],"inLanguage":"fr-FR"}]}},"_links":{"self":[{"href":"https:\/\/www.dometvie.fr\/franchise\/wp-json\/wp\/v2\/pages\/433","targetHints":{"allow":["GET"]}}],"collection":[{"href":"https:\/\/www.dometvie.fr\/franchise\/wp-json\/wp\/v2\/pages"}],"about":[{"href":"https:\/\/www.dometvie.fr\/franchise\/wp-json\/wp\/v2\/types\/page"}],"author":[{"embeddable":true,"href":"https:\/\/www.dometvie.fr\/franchise\/wp-json\/wp\/v2\/users\/1"}],"replies":[{"embeddable":true,"href":"https:\/\/www.dometvie.fr\/franchise\/wp-json\/wp\/v2\/comments?post=433"}],"version-history":[{"count":3,"href":"https:\/\/www.dometvie.fr\/franchise\/wp-json\/wp\/v2\/pages\/433\/revisions"}],"predecessor-version":[{"id":2079,"href":"https:\/\/www.dometvie.fr\/franchise\/wp-json\/wp\/v2\/pages\/433\/revisions\/2079"}],"up":[{"embeddable":true,"href":"https:\/\/www.dometvie.fr\/franchise\/wp-json\/wp\/v2\/pages\/258"}],"wp:attachment":[{"href":"https:\/\/www.dometvie.fr\/franchise\/wp-json\/wp\/v2\/media?parent=433"}],"curies":[{"name":"wp","href":"https:\/\/api.w.org\/{rel}","templated":true}]}}