{"id":484,"date":"2023-02-23T09:28:00","date_gmt":"2023-02-23T08:28:00","guid":{"rendered":"http:\/\/localhost\/dom-et-vie-btob\/?page_id=484"},"modified":"2026-01-13T14:26:15","modified_gmt":"2026-01-13T13:26:15","slug":"evenements","status":"publish","type":"page","link":"https:\/\/www.dometvie.fr\/franchise\/la-vie-du-reseau\/evenements\/","title":{"rendered":"\u00c9v\u00e8nements"},"content":{"rendered":"\n<div class=\"wp-block-columns is-layout-flex wp-container-core-columns-is-layout-9d6595d7 wp-block-columns-is-layout-flex\">\n<div class=\"wp-block-column is-layout-flow wp-block-column-is-layout-flow\" style=\"flex-basis:60%\">\n<figure class=\"wp-block-video\"><video controls src=\"https:\/\/www.dometvie.fr\/franchise\/wp-content\/uploads\/2023\/03\/Video-10-ans-10-01-1.mp4\"><\/video><\/figure>\n<\/div>\n\n\n\n<div class=\"wp-block-column is-layout-flow wp-block-column-is-layout-flow\" style=\"flex-basis:10%\"><\/div>\n\n\n\n<div class=\"wp-block-column is-layout-flow wp-block-column-is-layout-flow\" style=\"flex-basis:30%\">\n<h3 class=\"wp-block-heading\">Derni\u00e8rement<\/h3>\n\n\n\n<h4 class=\"wp-block-heading\">La convention des 10 ans<\/h4>\n\n\n\n<p>&nbsp;La Convention Nationale est un moment de partage et de transmission entre l\u2019ensemble des franchis\u00e9s et la t\u00eate de r\u00e9seau.<\/p>\n\n\n\n<p>Celle de 2022 avait une saveur toute particuli\u00e8re puisqu\u2019elle c\u00e9l\u00e9brait les 10 ans de cr\u00e9ation du Groupe.<\/p>\n<\/div>\n<\/div>\n\n\n\n<h3 class=\"wp-block-heading\">Tous les \u00e9v\u00e8nements<\/h3>\n\n\n\n<div class=\"wp-block-columns is-layout-flex wp-container-core-columns-is-layout-9d6595d7 wp-block-columns-is-layout-flex\">\n<div class=\"wp-block-column is-layout-flow wp-block-column-is-layout-flow\">\n<figure class=\"wp-block-image size-full\"><img loading=\"lazy\" decoding=\"async\" width=\"1072\" height=\"962\" src=\"https:\/\/www.dometvie.fr\/franchise\/wp-content\/uploads\/2026\/01\/salon-autonomic.png\" alt=\"\" class=\"wp-image-2020\" srcset=\"https:\/\/www.dometvie.fr\/franchise\/wp-content\/uploads\/2026\/01\/salon-autonomic.png 1072w, https:\/\/www.dometvie.fr\/franchise\/wp-content\/uploads\/2026\/01\/salon-autonomic-300x269.png 300w, https:\/\/www.dometvie.fr\/franchise\/wp-content\/uploads\/2026\/01\/salon-autonomic-768x689.png 768w, https:\/\/www.dometvie.fr\/franchise\/wp-content\/uploads\/2026\/01\/salon-autonomic-600x538.png 600w\" sizes=\"auto, (max-width: 1072px) 100vw, 1072px\" \/><figcaption class=\"wp-element-caption\">Salon Autonomic 2025<\/figcaption><\/figure>\n<\/div>\n\n\n\n<div class=\"wp-block-column is-layout-flow wp-block-column-is-layout-flow\">\n<figure class=\"wp-block-image size-full\"><img loading=\"lazy\" decoding=\"async\" width=\"1600\" height=\"739\" src=\"https:\/\/www.dometvie.fr\/franchise\/wp-content\/uploads\/2026\/01\/Salon-dometvie-franchises.jpg\" alt=\"\" class=\"wp-image-2022\" srcset=\"https:\/\/www.dometvie.fr\/franchise\/wp-content\/uploads\/2026\/01\/Salon-dometvie-franchises.jpg 1600w, https:\/\/www.dometvie.fr\/franchise\/wp-content\/uploads\/2026\/01\/Salon-dometvie-franchises-300x139.jpg 300w, https:\/\/www.dometvie.fr\/franchise\/wp-content\/uploads\/2026\/01\/Salon-dometvie-franchises-1100x508.jpg 1100w, https:\/\/www.dometvie.fr\/franchise\/wp-content\/uploads\/2026\/01\/Salon-dometvie-franchises-768x355.jpg 768w, https:\/\/www.dometvie.fr\/franchise\/wp-content\/uploads\/2026\/01\/Salon-dometvie-franchises-1536x709.jpg 1536w, https:\/\/www.dometvie.fr\/franchise\/wp-content\/uploads\/2026\/01\/Salon-dometvie-franchises-600x277.jpg 600w\" sizes=\"auto, (max-width: 1600px) 100vw, 1600px\" \/><figcaption class=\"wp-element-caption\">Salon des seniors 2025<\/figcaption><\/figure>\n<\/div>\n\n\n\n<div class=\"wp-block-column is-layout-flow wp-block-column-is-layout-flow\">\n<figure class=\"wp-block-image size-full\"><img loading=\"lazy\" decoding=\"async\" width=\"2560\" height=\"1920\" src=\"https:\/\/www.dometvie.fr\/franchise\/wp-content\/uploads\/2026\/01\/equipe-dometvie-salon-franchises-scaled.jpg\" alt=\"\" class=\"wp-image-2023\" srcset=\"https:\/\/www.dometvie.fr\/franchise\/wp-content\/uploads\/2026\/01\/equipe-dometvie-salon-franchises-scaled.jpg 2560w, https:\/\/www.dometvie.fr\/franchise\/wp-content\/uploads\/2026\/01\/equipe-dometvie-salon-franchises-300x225.jpg 300w, https:\/\/www.dometvie.fr\/franchise\/wp-content\/uploads\/2026\/01\/equipe-dometvie-salon-franchises-1100x825.jpg 1100w, https:\/\/www.dometvie.fr\/franchise\/wp-content\/uploads\/2026\/01\/equipe-dometvie-salon-franchises-768x576.jpg 768w, https:\/\/www.dometvie.fr\/franchise\/wp-content\/uploads\/2026\/01\/equipe-dometvie-salon-franchises-1536x1152.jpg 1536w, https:\/\/www.dometvie.fr\/franchise\/wp-content\/uploads\/2026\/01\/equipe-dometvie-salon-franchises-2048x1536.jpg 2048w, https:\/\/www.dometvie.fr\/franchise\/wp-content\/uploads\/2026\/01\/equipe-dometvie-salon-franchises-1733x1300.jpg 1733w, https:\/\/www.dometvie.fr\/franchise\/wp-content\/uploads\/2026\/01\/equipe-dometvie-salon-franchises-600x450.jpg 600w\" sizes=\"auto, (max-width: 2560px) 100vw, 2560px\" \/><figcaption class=\"wp-element-caption\">Salon de la Franchise 2025<\/figcaption><\/figure>\n<\/div>\n<\/div>\n\n\n\n<div class=\"wp-block-columns is-layout-flex wp-container-core-columns-is-layout-9d6595d7 wp-block-columns-is-layout-flex\">\n<div class=\"wp-block-column is-layout-flow wp-block-column-is-layout-flow\">\n<figure class=\"wp-block-image size-full\"><img loading=\"lazy\" decoding=\"async\" width=\"2560\" height=\"1920\" src=\"https:\/\/www.dometvie.fr\/franchise\/wp-content\/uploads\/2026\/01\/Reunion-regionale-franchise-2025-scaled.jpg\" alt=\"\" class=\"wp-image-2016\" srcset=\"https:\/\/www.dometvie.fr\/franchise\/wp-content\/uploads\/2026\/01\/Reunion-regionale-franchise-2025-scaled.jpg 2560w, https:\/\/www.dometvie.fr\/franchise\/wp-content\/uploads\/2026\/01\/Reunion-regionale-franchise-2025-300x225.jpg 300w, https:\/\/www.dometvie.fr\/franchise\/wp-content\/uploads\/2026\/01\/Reunion-regionale-franchise-2025-1100x825.jpg 1100w, https:\/\/www.dometvie.fr\/franchise\/wp-content\/uploads\/2026\/01\/Reunion-regionale-franchise-2025-768x576.jpg 768w, https:\/\/www.dometvie.fr\/franchise\/wp-content\/uploads\/2026\/01\/Reunion-regionale-franchise-2025-1536x1152.jpg 1536w, https:\/\/www.dometvie.fr\/franchise\/wp-content\/uploads\/2026\/01\/Reunion-regionale-franchise-2025-2048x1536.jpg 2048w, https:\/\/www.dometvie.fr\/franchise\/wp-content\/uploads\/2026\/01\/Reunion-regionale-franchise-2025-1733x1300.jpg 1733w, https:\/\/www.dometvie.fr\/franchise\/wp-content\/uploads\/2026\/01\/Reunion-regionale-franchise-2025-600x450.jpg 600w\" sizes=\"auto, (max-width: 2560px) 100vw, 2560px\" \/><figcaption class=\"wp-element-caption\">Convention nationale DOMetVIE 2025 (Octobre 2025)<\/figcaption><\/figure>\n<\/div>\n\n\n\n<div class=\"wp-block-column is-layout-flow wp-block-column-is-layout-flow\">\n<figure class=\"wp-block-image size-full\"><img loading=\"lazy\" decoding=\"async\" width=\"1600\" height=\"1200\" src=\"https:\/\/www.dometvie.fr\/franchise\/wp-content\/uploads\/2026\/01\/Reunion-regionale-franchise-2025-bis.jpg\" alt=\"\" class=\"wp-image-2017\" srcset=\"https:\/\/www.dometvie.fr\/franchise\/wp-content\/uploads\/2026\/01\/Reunion-regionale-franchise-2025-bis.jpg 1600w, https:\/\/www.dometvie.fr\/franchise\/wp-content\/uploads\/2026\/01\/Reunion-regionale-franchise-2025-bis-300x225.jpg 300w, https:\/\/www.dometvie.fr\/franchise\/wp-content\/uploads\/2026\/01\/Reunion-regionale-franchise-2025-bis-1100x825.jpg 1100w, https:\/\/www.dometvie.fr\/franchise\/wp-content\/uploads\/2026\/01\/Reunion-regionale-franchise-2025-bis-768x576.jpg 768w, https:\/\/www.dometvie.fr\/franchise\/wp-content\/uploads\/2026\/01\/Reunion-regionale-franchise-2025-bis-1536x1152.jpg 1536w, https:\/\/www.dometvie.fr\/franchise\/wp-content\/uploads\/2026\/01\/Reunion-regionale-franchise-2025-bis-600x450.jpg 600w\" sizes=\"auto, (max-width: 1600px) 100vw, 1600px\" \/><figcaption class=\"wp-element-caption\">Formation technique 2025<\/figcaption><\/figure>\n<\/div>\n\n\n\n<div class=\"wp-block-column is-layout-flow wp-block-column-is-layout-flow\">\n<figure class=\"wp-block-image size-full\"><img loading=\"lazy\" decoding=\"async\" width=\"2560\" height=\"1707\" src=\"https:\/\/www.dometvie.fr\/franchise\/wp-content\/uploads\/2026\/01\/salon-ff-dometvie-scaled.jpg\" alt=\"\" class=\"wp-image-2024\" srcset=\"https:\/\/www.dometvie.fr\/franchise\/wp-content\/uploads\/2026\/01\/salon-ff-dometvie-scaled.jpg 2560w, https:\/\/www.dometvie.fr\/franchise\/wp-content\/uploads\/2026\/01\/salon-ff-dometvie-300x200.jpg 300w, https:\/\/www.dometvie.fr\/franchise\/wp-content\/uploads\/2026\/01\/salon-ff-dometvie-1100x733.jpg 1100w, https:\/\/www.dometvie.fr\/franchise\/wp-content\/uploads\/2026\/01\/salon-ff-dometvie-768x512.jpg 768w, https:\/\/www.dometvie.fr\/franchise\/wp-content\/uploads\/2026\/01\/salon-ff-dometvie-1536x1024.jpg 1536w, https:\/\/www.dometvie.fr\/franchise\/wp-content\/uploads\/2026\/01\/salon-ff-dometvie-2048x1365.jpg 2048w, https:\/\/www.dometvie.fr\/franchise\/wp-content\/uploads\/2026\/01\/salon-ff-dometvie-1950x1300.jpg 1950w, https:\/\/www.dometvie.fr\/franchise\/wp-content\/uploads\/2026\/01\/salon-ff-dometvie-600x400.jpg 600w\" sizes=\"auto, (max-width: 2560px) 100vw, 2560px\" \/><figcaption class=\"wp-element-caption\">Salon de la Franchise 2024<\/figcaption><\/figure>\n<\/div>\n<\/div>\n\n\n\n<div class=\"wp-block-columns is-layout-flex wp-container-core-columns-is-layout-9d6595d7 wp-block-columns-is-layout-flex\">\n<div class=\"wp-block-column is-layout-flow wp-block-column-is-layout-flow\">\n<figure class=\"wp-block-image size-full\"><img loading=\"lazy\" decoding=\"async\" width=\"1200\" height=\"800\" src=\"https:\/\/www.dometvie.fr\/franchise\/wp-content\/uploads\/2025\/02\/Formation-Produit-2024.png\" alt=\"\" class=\"wp-image-1532\" srcset=\"https:\/\/www.dometvie.fr\/franchise\/wp-content\/uploads\/2025\/02\/Formation-Produit-2024.png 1200w, https:\/\/www.dometvie.fr\/franchise\/wp-content\/uploads\/2025\/02\/Formation-Produit-2024-300x200.png 300w, https:\/\/www.dometvie.fr\/franchise\/wp-content\/uploads\/2025\/02\/Formation-Produit-2024-1100x733.png 1100w, https:\/\/www.dometvie.fr\/franchise\/wp-content\/uploads\/2025\/02\/Formation-Produit-2024-768x512.png 768w, https:\/\/www.dometvie.fr\/franchise\/wp-content\/uploads\/2025\/02\/Formation-Produit-2024-600x400.png 600w\" sizes=\"auto, (max-width: 1200px) 100vw, 1200px\" \/><figcaption class=\"wp-element-caption\">Formation Produit Central d\u2019achat 2024 (D\u00e9cembre 2024)<\/figcaption><\/figure>\n<\/div>\n\n\n\n<div class=\"wp-block-column is-layout-flow wp-block-column-is-layout-flow\">\n<figure class=\"wp-block-image size-full\"><img loading=\"lazy\" decoding=\"async\" width=\"1200\" height=\"800\" src=\"https:\/\/www.dometvie.fr\/franchise\/wp-content\/uploads\/2025\/02\/Photo-evenement-2-e1739725197335.jpg\" alt=\"\" class=\"wp-image-1541\"\/><figcaption class=\"wp-element-caption\">Formation commerciale et formation prospection au si\u00e8ge<\/figcaption><\/figure>\n<\/div>\n\n\n\n<div class=\"wp-block-column is-layout-flow wp-block-column-is-layout-flow\">\n<figure class=\"wp-block-image size-full\"><img loading=\"lazy\" decoding=\"async\" width=\"1200\" height=\"800\" src=\"https:\/\/www.dometvie.fr\/franchise\/wp-content\/uploads\/2025\/02\/COnvention-2024-e1739725165715.jpg\" alt=\"\" class=\"wp-image-1539\"\/><figcaption class=\"wp-element-caption\">Convention nationale DOMetVIE 2024 (Novembre 2024)<\/figcaption><\/figure>\n<\/div>\n<\/div>\n\n\n\n<div class=\"wp-block-columns is-layout-flex wp-container-core-columns-is-layout-9d6595d7 wp-block-columns-is-layout-flex\">\n<div class=\"wp-block-column is-layout-flow wp-block-column-is-layout-flow\">\n<figure class=\"wp-block-image size-full\"><img loading=\"lazy\" decoding=\"async\" width=\"700\" height=\"420\" src=\"https:\/\/www.dometvie.fr\/franchise\/wp-content\/uploads\/2023\/03\/6-1.jpg\" alt=\"\" class=\"wp-image-775\" srcset=\"https:\/\/www.dometvie.fr\/franchise\/wp-content\/uploads\/2023\/03\/6-1.jpg 700w, https:\/\/www.dometvie.fr\/franchise\/wp-content\/uploads\/2023\/03\/6-1-300x180.jpg 300w\" sizes=\"auto, (max-width: 700px) 100vw, 700px\" \/><figcaption class=\"wp-element-caption\">R\u00e9union r\u00e9gionale Ile-de-France (F\u00e9vrier 2023)<\/figcaption><\/figure>\n<\/div>\n\n\n\n<div class=\"wp-block-column is-layout-flow wp-block-column-is-layout-flow\">\n<figure class=\"wp-block-image size-full\"><img loading=\"lazy\" decoding=\"async\" width=\"700\" height=\"420\" src=\"https:\/\/www.dometvie.fr\/franchise\/wp-content\/uploads\/2023\/03\/5-1.jpg\" alt=\"\" class=\"wp-image-774\" srcset=\"https:\/\/www.dometvie.fr\/franchise\/wp-content\/uploads\/2023\/03\/5-1.jpg 700w, https:\/\/www.dometvie.fr\/franchise\/wp-content\/uploads\/2023\/03\/5-1-300x180.jpg 300w\" sizes=\"auto, (max-width: 700px) 100vw, 700px\" \/><figcaption class=\"wp-element-caption\">Nouvelle promotion de franchis\u00e9s (Janvier 2023)<\/figcaption><\/figure>\n<\/div>\n\n\n\n<div class=\"wp-block-column is-layout-flow wp-block-column-is-layout-flow\">\n<figure class=\"wp-block-image size-full\"><img loading=\"lazy\" decoding=\"async\" width=\"700\" height=\"420\" src=\"https:\/\/www.dometvie.fr\/franchise\/wp-content\/uploads\/2023\/03\/4-1.jpg\" alt=\"\" class=\"wp-image-773\" srcset=\"https:\/\/www.dometvie.fr\/franchise\/wp-content\/uploads\/2023\/03\/4-1.jpg 700w, https:\/\/www.dometvie.fr\/franchise\/wp-content\/uploads\/2023\/03\/4-1-300x180.jpg 300w\" sizes=\"auto, (max-width: 700px) 100vw, 700px\" \/><figcaption class=\"wp-element-caption\">Inauguration showroom de Royan (Novembre 2022)<\/figcaption><\/figure>\n<\/div>\n<\/div>\n\n\n\n<div class=\"wp-block-columns is-layout-flex wp-container-core-columns-is-layout-9d6595d7 wp-block-columns-is-layout-flex\">\n<div class=\"wp-block-column is-layout-flow wp-block-column-is-layout-flow\">\n<figure class=\"wp-block-image size-full\"><img loading=\"lazy\" decoding=\"async\" width=\"700\" height=\"420\" src=\"https:\/\/www.dometvie.fr\/franchise\/wp-content\/uploads\/2023\/03\/3-1.jpg\" alt=\"\" class=\"wp-image-777\" srcset=\"https:\/\/www.dometvie.fr\/franchise\/wp-content\/uploads\/2023\/03\/3-1.jpg 700w, https:\/\/www.dometvie.fr\/franchise\/wp-content\/uploads\/2023\/03\/3-1-300x180.jpg 300w\" sizes=\"auto, (max-width: 700px) 100vw, 700px\" \/><figcaption class=\"wp-element-caption\">DOMetVIE au salon SME (Octobre 2022)<\/figcaption><\/figure>\n<\/div>\n\n\n\n<div class=\"wp-block-column is-layout-flow wp-block-column-is-layout-flow\">\n<figure class=\"wp-block-image size-full\"><img loading=\"lazy\" decoding=\"async\" width=\"700\" height=\"420\" src=\"https:\/\/www.dometvie.fr\/franchise\/wp-content\/uploads\/2023\/03\/1-1.jpg\" alt=\"\" class=\"wp-image-770\" srcset=\"https:\/\/www.dometvie.fr\/franchise\/wp-content\/uploads\/2023\/03\/1-1.jpg 700w, https:\/\/www.dometvie.fr\/franchise\/wp-content\/uploads\/2023\/03\/1-1-300x180.jpg 300w\" sizes=\"auto, (max-width: 700px) 100vw, 700px\" \/><figcaption class=\"wp-element-caption\">Soir\u00e9e de remise de dipl\u00f4me nouveaux franchis\u00e9s (Septembre 2022)<\/figcaption><\/figure>\n<\/div>\n\n\n\n<div class=\"wp-block-column is-layout-flow wp-block-column-is-layout-flow\">\n<figure class=\"wp-block-image size-full\"><img loading=\"lazy\" decoding=\"async\" width=\"700\" height=\"420\" src=\"https:\/\/www.dometvie.fr\/franchise\/wp-content\/uploads\/2023\/03\/2-1.jpg\" alt=\"\" class=\"wp-image-771\" srcset=\"https:\/\/www.dometvie.fr\/franchise\/wp-content\/uploads\/2023\/03\/2-1.jpg 700w, https:\/\/www.dometvie.fr\/franchise\/wp-content\/uploads\/2023\/03\/2-1-300x180.jpg 300w\" sizes=\"auto, (max-width: 700px) 100vw, 700px\" \/><figcaption class=\"wp-element-caption\">DOMetVIE au festival SilverEco \u00e0 Cannes (Septembre 2022)<\/figcaption><\/figure>\n<\/div>\n<\/div>\n\n\n<div id=\"bandeau-block_baca043773aa056b76cc67dccb6f2f6e\" class=\"block_bandeau \nbleu\">\n            <div class=\"titre\">\n            <h3>Vous avez des questions ?<\/h3>\n        <\/div>\n        <p>Contactez-nous et parlons de votre projet. Nous vous contacterons et r\u00e9pondrons \u00e0 toutes vos questions en d\u00e9tail !<\/p>\n            <div class=\"bouton\">\n            <a href=\"https:\/\/www.dometvie.fr\/franchise\/contact\/\">Contactez-nous<\/a>\n        <\/div>\n    <\/div>","protected":false},"excerpt":{"rendered":"<p>Derni\u00e8rement La convention des 10 ans &nbsp;La Convention Nationale est un moment de partage et de transmission entre l\u2019ensemble des franchis\u00e9s et la t\u00eate de r\u00e9seau. Celle de 2022 avait [&hellip;]<\/p>\n","protected":false},"author":1,"featured_media":0,"parent":110,"menu_order":0,"comment_status":"closed","ping_status":"closed","template":"","meta":{"footnotes":""},"class_list":["post-484","page","type-page","status-publish","hentry"],"acf":[],"yoast_head":"<!-- This site is optimized with the Yoast SEO plugin v27.4 - https:\/\/yoast.com\/product\/yoast-seo-wordpress\/ -->\n<title>Les \u00e9v\u00e9nements DOMetVIE - Une franchise dynamique<\/title>\n<meta name=\"description\" content=\"DOM et Vie a \u00e0 coeur de fid\u00e9liser ses franchises en organisant des \u00e9v\u00e9nements, soir\u00e9es, Inaugurations, R\u00e9unions commerciales r\u00e9gionales...\" \/>\n<meta name=\"robots\" content=\"index, follow, max-snippet:-1, max-image-preview:large, max-video-preview:-1\" \/>\n<link rel=\"canonical\" href=\"https:\/\/www.dometvie.fr\/franchise\/la-vie-du-reseau\/evenements\/\" \/>\n<meta property=\"og:locale\" content=\"fr_FR\" \/>\n<meta property=\"og:type\" content=\"article\" \/>\n<meta property=\"og:title\" content=\"Les \u00e9v\u00e9nements DOMetVIE - Une franchise dynamique\" \/>\n<meta property=\"og:description\" content=\"DOM et Vie a \u00e0 coeur de fid\u00e9liser ses franchises en organisant des \u00e9v\u00e9nements, soir\u00e9es, Inaugurations, R\u00e9unions commerciales r\u00e9gionales...\" \/>\n<meta property=\"og:url\" content=\"https:\/\/www.dometvie.fr\/franchise\/la-vie-du-reseau\/evenements\/\" \/>\n<meta property=\"og:site_name\" content=\"DOMetVIE\" \/>\n<meta property=\"article:modified_time\" content=\"2026-01-13T13:26:15+00:00\" \/>\n<meta property=\"og:image\" content=\"https:\/\/www.dometvie.fr\/franchise\/wp-content\/uploads\/2026\/01\/salon-autonomic.png\" \/>\n\t<meta property=\"og:image:width\" content=\"1072\" \/>\n\t<meta property=\"og:image:height\" content=\"962\" \/>\n\t<meta property=\"og:image:type\" content=\"image\/png\" \/>\n<meta name=\"twitter:card\" content=\"summary_large_image\" \/>\n<meta name=\"twitter:label1\" content=\"Dur\u00e9e de lecture estim\u00e9e\" \/>\n\t<meta name=\"twitter:data1\" content=\"4 minutes\" \/>\n<script type=\"application\/ld+json\" class=\"yoast-schema-graph\">{\"@context\":\"https:\\\/\\\/schema.org\",\"@graph\":[{\"@type\":\"WebPage\",\"@id\":\"https:\\\/\\\/www.dometvie.fr\\\/franchise\\\/la-vie-du-reseau\\\/evenements\\\/\",\"url\":\"https:\\\/\\\/www.dometvie.fr\\\/franchise\\\/la-vie-du-reseau\\\/evenements\\\/\",\"name\":\"Les \u00e9v\u00e9nements DOMetVIE - Une franchise dynamique\",\"isPartOf\":{\"@id\":\"https:\\\/\\\/www.dometvie.fr\\\/franchise\\\/#website\"},\"primaryImageOfPage\":{\"@id\":\"https:\\\/\\\/www.dometvie.fr\\\/franchise\\\/la-vie-du-reseau\\\/evenements\\\/#primaryimage\"},\"image\":{\"@id\":\"https:\\\/\\\/www.dometvie.fr\\\/franchise\\\/la-vie-du-reseau\\\/evenements\\\/#primaryimage\"},\"thumbnailUrl\":\"https:\\\/\\\/www.dometvie.fr\\\/franchise\\\/wp-content\\\/uploads\\\/2026\\\/01\\\/salon-autonomic.png\",\"datePublished\":\"2023-02-23T08:28:00+00:00\",\"dateModified\":\"2026-01-13T13:26:15+00:00\",\"description\":\"DOM et Vie a \u00e0 coeur de fid\u00e9liser ses franchises en organisant des \u00e9v\u00e9nements, soir\u00e9es, Inaugurations, R\u00e9unions commerciales r\u00e9gionales...\",\"breadcrumb\":{\"@id\":\"https:\\\/\\\/www.dometvie.fr\\\/franchise\\\/la-vie-du-reseau\\\/evenements\\\/#breadcrumb\"},\"inLanguage\":\"fr-FR\",\"potentialAction\":[{\"@type\":\"ReadAction\",\"target\":[\"https:\\\/\\\/www.dometvie.fr\\\/franchise\\\/la-vie-du-reseau\\\/evenements\\\/\"]}]},{\"@type\":\"ImageObject\",\"inLanguage\":\"fr-FR\",\"@id\":\"https:\\\/\\\/www.dometvie.fr\\\/franchise\\\/la-vie-du-reseau\\\/evenements\\\/#primaryimage\",\"url\":\"https:\\\/\\\/www.dometvie.fr\\\/franchise\\\/wp-content\\\/uploads\\\/2026\\\/01\\\/salon-autonomic.png\",\"contentUrl\":\"https:\\\/\\\/www.dometvie.fr\\\/franchise\\\/wp-content\\\/uploads\\\/2026\\\/01\\\/salon-autonomic.png\",\"width\":1072,\"height\":962},{\"@type\":\"BreadcrumbList\",\"@id\":\"https:\\\/\\\/www.dometvie.fr\\\/franchise\\\/la-vie-du-reseau\\\/evenements\\\/#breadcrumb\",\"itemListElement\":[{\"@type\":\"ListItem\",\"position\":1,\"name\":\"Accueil\",\"item\":\"https:\\\/\\\/www.dometvie.fr\\\/franchise\\\/\"},{\"@type\":\"ListItem\",\"position\":2,\"name\":\"La vie du r\u00e9seau\",\"item\":\"https:\\\/\\\/www.dometvie.fr\\\/franchise\\\/la-vie-du-reseau\\\/\"},{\"@type\":\"ListItem\",\"position\":3,\"name\":\"\u00c9v\u00e8nements\"}]},{\"@type\":\"WebSite\",\"@id\":\"https:\\\/\\\/www.dometvie.fr\\\/franchise\\\/#website\",\"url\":\"https:\\\/\\\/www.dometvie.fr\\\/franchise\\\/\",\"name\":\"DOMetVIE\",\"description\":\"Donnez du sens \u00e0 votre m\u00e9tier !\",\"potentialAction\":[{\"@type\":\"SearchAction\",\"target\":{\"@type\":\"EntryPoint\",\"urlTemplate\":\"https:\\\/\\\/www.dometvie.fr\\\/franchise\\\/?s={search_term_string}\"},\"query-input\":{\"@type\":\"PropertyValueSpecification\",\"valueRequired\":true,\"valueName\":\"search_term_string\"}}],\"inLanguage\":\"fr-FR\"}]}<\/script>\n<!-- \/ Yoast SEO plugin. -->","yoast_head_json":{"title":"Les \u00e9v\u00e9nements DOMetVIE - Une franchise dynamique","description":"DOM et Vie a \u00e0 coeur de fid\u00e9liser ses franchises en organisant des \u00e9v\u00e9nements, soir\u00e9es, Inaugurations, R\u00e9unions commerciales r\u00e9gionales...","robots":{"index":"index","follow":"follow","max-snippet":"max-snippet:-1","max-image-preview":"max-image-preview:large","max-video-preview":"max-video-preview:-1"},"canonical":"https:\/\/www.dometvie.fr\/franchise\/la-vie-du-reseau\/evenements\/","og_locale":"fr_FR","og_type":"article","og_title":"Les \u00e9v\u00e9nements DOMetVIE - Une franchise dynamique","og_description":"DOM et Vie a \u00e0 coeur de fid\u00e9liser ses franchises en organisant des \u00e9v\u00e9nements, soir\u00e9es, Inaugurations, R\u00e9unions commerciales r\u00e9gionales...","og_url":"https:\/\/www.dometvie.fr\/franchise\/la-vie-du-reseau\/evenements\/","og_site_name":"DOMetVIE","article_modified_time":"2026-01-13T13:26:15+00:00","og_image":[{"width":1072,"height":962,"url":"https:\/\/www.dometvie.fr\/franchise\/wp-content\/uploads\/2026\/01\/salon-autonomic.png","type":"image\/png"}],"twitter_card":"summary_large_image","twitter_misc":{"Dur\u00e9e de lecture estim\u00e9e":"4 minutes"},"schema":{"@context":"https:\/\/schema.org","@graph":[{"@type":"WebPage","@id":"https:\/\/www.dometvie.fr\/franchise\/la-vie-du-reseau\/evenements\/","url":"https:\/\/www.dometvie.fr\/franchise\/la-vie-du-reseau\/evenements\/","name":"Les \u00e9v\u00e9nements DOMetVIE - Une franchise dynamique","isPartOf":{"@id":"https:\/\/www.dometvie.fr\/franchise\/#website"},"primaryImageOfPage":{"@id":"https:\/\/www.dometvie.fr\/franchise\/la-vie-du-reseau\/evenements\/#primaryimage"},"image":{"@id":"https:\/\/www.dometvie.fr\/franchise\/la-vie-du-reseau\/evenements\/#primaryimage"},"thumbnailUrl":"https:\/\/www.dometvie.fr\/franchise\/wp-content\/uploads\/2026\/01\/salon-autonomic.png","datePublished":"2023-02-23T08:28:00+00:00","dateModified":"2026-01-13T13:26:15+00:00","description":"DOM et Vie a \u00e0 coeur de fid\u00e9liser ses franchises en organisant des \u00e9v\u00e9nements, soir\u00e9es, Inaugurations, R\u00e9unions commerciales r\u00e9gionales...","breadcrumb":{"@id":"https:\/\/www.dometvie.fr\/franchise\/la-vie-du-reseau\/evenements\/#breadcrumb"},"inLanguage":"fr-FR","potentialAction":[{"@type":"ReadAction","target":["https:\/\/www.dometvie.fr\/franchise\/la-vie-du-reseau\/evenements\/"]}]},{"@type":"ImageObject","inLanguage":"fr-FR","@id":"https:\/\/www.dometvie.fr\/franchise\/la-vie-du-reseau\/evenements\/#primaryimage","url":"https:\/\/www.dometvie.fr\/franchise\/wp-content\/uploads\/2026\/01\/salon-autonomic.png","contentUrl":"https:\/\/www.dometvie.fr\/franchise\/wp-content\/uploads\/2026\/01\/salon-autonomic.png","width":1072,"height":962},{"@type":"BreadcrumbList","@id":"https:\/\/www.dometvie.fr\/franchise\/la-vie-du-reseau\/evenements\/#breadcrumb","itemListElement":[{"@type":"ListItem","position":1,"name":"Accueil","item":"https:\/\/www.dometvie.fr\/franchise\/"},{"@type":"ListItem","position":2,"name":"La vie du r\u00e9seau","item":"https:\/\/www.dometvie.fr\/franchise\/la-vie-du-reseau\/"},{"@type":"ListItem","position":3,"name":"\u00c9v\u00e8nements"}]},{"@type":"WebSite","@id":"https:\/\/www.dometvie.fr\/franchise\/#website","url":"https:\/\/www.dometvie.fr\/franchise\/","name":"DOMetVIE","description":"Donnez du sens \u00e0 votre m\u00e9tier !","potentialAction":[{"@type":"SearchAction","target":{"@type":"EntryPoint","urlTemplate":"https:\/\/www.dometvie.fr\/franchise\/?s={search_term_string}"},"query-input":{"@type":"PropertyValueSpecification","valueRequired":true,"valueName":"search_term_string"}}],"inLanguage":"fr-FR"}]}},"_links":{"self":[{"href":"https:\/\/www.dometvie.fr\/franchise\/wp-json\/wp\/v2\/pages\/484","targetHints":{"allow":["GET"]}}],"collection":[{"href":"https:\/\/www.dometvie.fr\/franchise\/wp-json\/wp\/v2\/pages"}],"about":[{"href":"https:\/\/www.dometvie.fr\/franchise\/wp-json\/wp\/v2\/types\/page"}],"author":[{"embeddable":true,"href":"https:\/\/www.dometvie.fr\/franchise\/wp-json\/wp\/v2\/users\/1"}],"replies":[{"embeddable":true,"href":"https:\/\/www.dometvie.fr\/franchise\/wp-json\/wp\/v2\/comments?post=484"}],"version-history":[{"count":13,"href":"https:\/\/www.dometvie.fr\/franchise\/wp-json\/wp\/v2\/pages\/484\/revisions"}],"predecessor-version":[{"id":2118,"href":"https:\/\/www.dometvie.fr\/franchise\/wp-json\/wp\/v2\/pages\/484\/revisions\/2118"}],"up":[{"embeddable":true,"href":"https:\/\/www.dometvie.fr\/franchise\/wp-json\/wp\/v2\/pages\/110"}],"wp:attachment":[{"href":"https:\/\/www.dometvie.fr\/franchise\/wp-json\/wp\/v2\/media?parent=484"}],"curies":[{"name":"wp","href":"https:\/\/api.w.org\/{rel}","templated":true}]}}