{"id":507,"date":"2023-02-23T10:13:08","date_gmt":"2023-02-23T09:13:08","guid":{"rendered":"http:\/\/localhost\/dom-et-vie-btob\/?page_id=507"},"modified":"2023-02-23T10:13:08","modified_gmt":"2023-02-23T09:13:08","slug":"dometvie-news","status":"publish","type":"page","link":"https:\/\/www.dometvie.fr\/franchise\/la-vie-du-reseau\/dometvie-news\/","title":{"rendered":"DOMetVIE news"},"content":{"rendered":"","protected":false},"excerpt":{"rendered":"","protected":false},"author":1,"featured_media":0,"parent":110,"menu_order":0,"comment_status":"closed","ping_status":"closed","template":"archive.php","meta":{"footnotes":""},"class_list":["post-507","page","type-page","status-publish","hentry"],"acf":[],"yoast_head":"<!-- This site is optimized with the Yoast SEO plugin v27.4 - https:\/\/yoast.com\/product\/yoast-seo-wordpress\/ -->\n<title>Les actualit\u00e9s du r\u00e9seau DOMetVIE<\/title>\n<meta name=\"description\" content=\"D\u00e9couvrez les actualit\u00e9s du r\u00e9seau, la vie de l&#039;enseigne, des infos pratiques ou encore des t\u00e9moignages.\" \/>\n<meta name=\"robots\" content=\"index, follow, max-snippet:-1, max-image-preview:large, max-video-preview:-1\" \/>\n<link rel=\"canonical\" href=\"https:\/\/www.dometvie.fr\/franchise\/la-vie-du-reseau\/dometvie-news\/\" \/>\n<meta property=\"og:locale\" content=\"fr_FR\" \/>\n<meta property=\"og:type\" content=\"article\" \/>\n<meta property=\"og:title\" content=\"Les actualit\u00e9s du r\u00e9seau DOMetVIE\" \/>\n<meta property=\"og:description\" content=\"D\u00e9couvrez les actualit\u00e9s du r\u00e9seau, la vie de l&#039;enseigne, des infos pratiques ou encore des t\u00e9moignages.\" \/>\n<meta property=\"og:url\" content=\"https:\/\/www.dometvie.fr\/franchise\/la-vie-du-reseau\/dometvie-news\/\" \/>\n<meta property=\"og:site_name\" content=\"DOMetVIE\" \/>\n<meta name=\"twitter:card\" content=\"summary_large_image\" \/>\n<script type=\"application\/ld+json\" class=\"yoast-schema-graph\">{\"@context\":\"https:\\\/\\\/schema.org\",\"@graph\":[{\"@type\":\"WebPage\",\"@id\":\"https:\\\/\\\/www.dometvie.fr\\\/franchise\\\/la-vie-du-reseau\\\/dometvie-news\\\/\",\"url\":\"https:\\\/\\\/www.dometvie.fr\\\/franchise\\\/la-vie-du-reseau\\\/dometvie-news\\\/\",\"name\":\"Les actualit\u00e9s du r\u00e9seau DOMetVIE\",\"isPartOf\":{\"@id\":\"https:\\\/\\\/www.dometvie.fr\\\/franchise\\\/#website\"},\"datePublished\":\"2023-02-23T09:13:08+00:00\",\"description\":\"D\u00e9couvrez les actualit\u00e9s du r\u00e9seau, la vie de l'enseigne, des infos pratiques ou encore des t\u00e9moignages.\",\"breadcrumb\":{\"@id\":\"https:\\\/\\\/www.dometvie.fr\\\/franchise\\\/la-vie-du-reseau\\\/dometvie-news\\\/#breadcrumb\"},\"inLanguage\":\"fr-FR\",\"potentialAction\":[{\"@type\":\"ReadAction\",\"target\":[\"https:\\\/\\\/www.dometvie.fr\\\/franchise\\\/la-vie-du-reseau\\\/dometvie-news\\\/\"]}]},{\"@type\":\"BreadcrumbList\",\"@id\":\"https:\\\/\\\/www.dometvie.fr\\\/franchise\\\/la-vie-du-reseau\\\/dometvie-news\\\/#breadcrumb\",\"itemListElement\":[{\"@type\":\"ListItem\",\"position\":1,\"name\":\"Accueil\",\"item\":\"https:\\\/\\\/www.dometvie.fr\\\/franchise\\\/\"},{\"@type\":\"ListItem\",\"position\":2,\"name\":\"La vie du r\u00e9seau\",\"item\":\"https:\\\/\\\/www.dometvie.fr\\\/franchise\\\/la-vie-du-reseau\\\/\"},{\"@type\":\"ListItem\",\"position\":3,\"name\":\"DOMetVIE news\"}]},{\"@type\":\"WebSite\",\"@id\":\"https:\\\/\\\/www.dometvie.fr\\\/franchise\\\/#website\",\"url\":\"https:\\\/\\\/www.dometvie.fr\\\/franchise\\\/\",\"name\":\"DOMetVIE\",\"description\":\"Donnez du sens \u00e0 votre m\u00e9tier !\",\"potentialAction\":[{\"@type\":\"SearchAction\",\"target\":{\"@type\":\"EntryPoint\",\"urlTemplate\":\"https:\\\/\\\/www.dometvie.fr\\\/franchise\\\/?s={search_term_string}\"},\"query-input\":{\"@type\":\"PropertyValueSpecification\",\"valueRequired\":true,\"valueName\":\"search_term_string\"}}],\"inLanguage\":\"fr-FR\"}]}<\/script>\n<!-- \/ Yoast SEO plugin. -->","yoast_head_json":{"title":"Les actualit\u00e9s du r\u00e9seau DOMetVIE","description":"D\u00e9couvrez les actualit\u00e9s du r\u00e9seau, la vie de l'enseigne, des infos pratiques ou encore des t\u00e9moignages.","robots":{"index":"index","follow":"follow","max-snippet":"max-snippet:-1","max-image-preview":"max-image-preview:large","max-video-preview":"max-video-preview:-1"},"canonical":"https:\/\/www.dometvie.fr\/franchise\/la-vie-du-reseau\/dometvie-news\/","og_locale":"fr_FR","og_type":"article","og_title":"Les actualit\u00e9s du r\u00e9seau DOMetVIE","og_description":"D\u00e9couvrez les actualit\u00e9s du r\u00e9seau, la vie de l'enseigne, des infos pratiques ou encore des t\u00e9moignages.","og_url":"https:\/\/www.dometvie.fr\/franchise\/la-vie-du-reseau\/dometvie-news\/","og_site_name":"DOMetVIE","twitter_card":"summary_large_image","schema":{"@context":"https:\/\/schema.org","@graph":[{"@type":"WebPage","@id":"https:\/\/www.dometvie.fr\/franchise\/la-vie-du-reseau\/dometvie-news\/","url":"https:\/\/www.dometvie.fr\/franchise\/la-vie-du-reseau\/dometvie-news\/","name":"Les actualit\u00e9s du r\u00e9seau DOMetVIE","isPartOf":{"@id":"https:\/\/www.dometvie.fr\/franchise\/#website"},"datePublished":"2023-02-23T09:13:08+00:00","description":"D\u00e9couvrez les actualit\u00e9s du r\u00e9seau, la vie de l'enseigne, des infos pratiques ou encore des t\u00e9moignages.","breadcrumb":{"@id":"https:\/\/www.dometvie.fr\/franchise\/la-vie-du-reseau\/dometvie-news\/#breadcrumb"},"inLanguage":"fr-FR","potentialAction":[{"@type":"ReadAction","target":["https:\/\/www.dometvie.fr\/franchise\/la-vie-du-reseau\/dometvie-news\/"]}]},{"@type":"BreadcrumbList","@id":"https:\/\/www.dometvie.fr\/franchise\/la-vie-du-reseau\/dometvie-news\/#breadcrumb","itemListElement":[{"@type":"ListItem","position":1,"name":"Accueil","item":"https:\/\/www.dometvie.fr\/franchise\/"},{"@type":"ListItem","position":2,"name":"La vie du r\u00e9seau","item":"https:\/\/www.dometvie.fr\/franchise\/la-vie-du-reseau\/"},{"@type":"ListItem","position":3,"name":"DOMetVIE news"}]},{"@type":"WebSite","@id":"https:\/\/www.dometvie.fr\/franchise\/#website","url":"https:\/\/www.dometvie.fr\/franchise\/","name":"DOMetVIE","description":"Donnez du sens \u00e0 votre m\u00e9tier !","potentialAction":[{"@type":"SearchAction","target":{"@type":"EntryPoint","urlTemplate":"https:\/\/www.dometvie.fr\/franchise\/?s={search_term_string}"},"query-input":{"@type":"PropertyValueSpecification","valueRequired":true,"valueName":"search_term_string"}}],"inLanguage":"fr-FR"}]}},"_links":{"self":[{"href":"https:\/\/www.dometvie.fr\/franchise\/wp-json\/wp\/v2\/pages\/507","targetHints":{"allow":["GET"]}}],"collection":[{"href":"https:\/\/www.dometvie.fr\/franchise\/wp-json\/wp\/v2\/pages"}],"about":[{"href":"https:\/\/www.dometvie.fr\/franchise\/wp-json\/wp\/v2\/types\/page"}],"author":[{"embeddable":true,"href":"https:\/\/www.dometvie.fr\/franchise\/wp-json\/wp\/v2\/users\/1"}],"replies":[{"embeddable":true,"href":"https:\/\/www.dometvie.fr\/franchise\/wp-json\/wp\/v2\/comments?post=507"}],"version-history":[{"count":0,"href":"https:\/\/www.dometvie.fr\/franchise\/wp-json\/wp\/v2\/pages\/507\/revisions"}],"up":[{"embeddable":true,"href":"https:\/\/www.dometvie.fr\/franchise\/wp-json\/wp\/v2\/pages\/110"}],"wp:attachment":[{"href":"https:\/\/www.dometvie.fr\/franchise\/wp-json\/wp\/v2\/media?parent=507"}],"curies":[{"name":"wp","href":"https:\/\/api.w.org\/{rel}","templated":true}]}}